{"id":317624,"date":"2026-03-05T09:02:02","date_gmt":"2026-03-05T08:02:02","guid":{"rendered":"https:\/\/digalco.com\/tienda\/fujitsu-esprimo-q558-mini-reconditionne-core-i3-31ghz-16-gb-ram-256-gb-ssd-fr-12104\/"},"modified":"2026-04-21T13:11:04","modified_gmt":"2026-04-21T11:11:04","slug":"fujitsu-esprimo-q558-mini-reconditionne-core-i3-31ghz-16-gb-ram-256-gb-ssd-fr-12104","status":"publish","type":"product","link":"https:\/\/digalco.com\/fr\/produit\/fujitsu-esprimo-q558-mini-reconditionne-core-i3-31ghz-16-gb-ram-256-gb-ssd-fr-12104\/","title":{"rendered":"Fujitsu Esprimo Q558 Mini | Reconditionn\u00e9 | Core i3 3.1GHz | 16 GB RAM | 256 GB SSD"},"content":{"rendered":"<p><strong>Processeur<\/strong><br \/>Intel Core i3 9100T 3.1 GHz.<br \/><strong>Facteur de forme<\/strong><br \/>Mini<br \/><strong>M\u00e9moire RAM<\/strong><br \/>16 Gb. SO-DDR4 RAM<br \/><strong>Disque dur<\/strong><br \/>256 Gb. SSD<br \/><strong>Cartes<\/strong><br \/>Graphique: Intel HD Graphics UHD 630<br \/>Son: High Definition Audio<br \/>R\u00e9seau: Realtek PCIe GBe family<br \/><strong>Syst\u00e8me op\u00e9ratif<\/strong><br \/>Windows 11 Pro<br \/><strong>Ports<\/strong><br \/>4x USB 2.0<br \/>4x USB 3.0<br \/><strong>Ports vid\u00e9o<\/strong><br \/>Display Port<br \/>DVI<br \/><strong>Connectivit\u00e9<\/strong><br \/>RJ-45<br \/><strong>Autres<\/strong><br \/>hR emballage<br \/><strong>Dimensions<\/strong><br \/>20&#215;18.5&#215;6 cm.<br \/><strong>Poids<\/strong><br \/>1.71 Kg.<br \/><strong>Sp\u00e9cifications suppl\u00e9mentaires<\/strong><br \/>Le FUJITSU Esprimo Q558 Mini est un ordinateur de bureau professionnel ultra-compact con\u00e7u pour offrir des performances fiables et une efficacit\u00e9 \u00e9nerg\u00e9tique dans des environnements o\u00f9 l\u2019espace est un facteur cl\u00e9. Gr\u00e2ce \u00e0 son Intel Core i3-9100T \u00e0 4 c\u0153urs \u00e0 3.1 GHz, cet \u00e9quipement fournit plus que suffisamment de puissance pour les t\u00e2ches administratives, la gestion d\u2019entreprise, les applications bureautiques et le travail multit\u00e2che avec une grande stabilit\u00e9.<br \/>Avec 16 Go de m\u00e9moire DDR4, le syst\u00e8me offre une exp\u00e9rience fluide m\u00eame avec plusieurs applications ouvertes, permettant de maintenir un rythme de travail agile tout au long de la journ\u00e9e. Le SSD de 256 Go am\u00e9liore consid\u00e9rablement la vitesse de d\u00e9marrage et l\u2019acc\u00e8s aux fichiers, r\u00e9duisant les temps d\u2019attente et augmentant la productivit\u00e9 quotidienne. \u00c9quip\u00e9 de Windows 11 Pro, ce PC de bureau pour entreprise int\u00e8gre des fonctions avanc\u00e9es de s\u00e9curit\u00e9 et de gestion, pr\u00e9par\u00e9es pour les environnements professionnels modernes.<br \/>Son format Mini PC permet de le placer discr\u00e8tement sur n\u2019importe quel bureau, derri\u00e8re le moniteur ou dans des espaces r\u00e9duits, cr\u00e9ant des postes de travail plus organis\u00e9s et efficaces. De plus, il dispose d\u2019un emplacement M.2 2280 libre pour \u00e9tendre le stockage, ce qui facilite l\u2019adaptation de l\u2019\u00e9quipement aux besoins futurs sans complications.<br \/>Compact, silencieux et tr\u00e8s efficace, l\u2019Esprimo Q558 est un ordinateur de bureau compact et fiable id\u00e9al pour les bureaux, cabinets ou environnements techniques qui recherchent un ordinateur de bureau fiable avec de bonnes performances, une faible consommation et un excellent \u00e9quilibre entre taille, puissance et durabilit\u00e9.<br \/>Bon aspect ext\u00e9rieur. Regardez dans \u00ab + Photos \u00bb et si vous avez des questions appelez-nous ou utilisez notre chat pour \u00e9largir les informations ou pour demander plus de d\u00e9tails.<br \/><strong>Commentaires<\/strong><br \/><u>1xM.2 2280 pour le stockage disponible<\/u><\/p>\n","protected":false},"excerpt":{"rendered":"<p>Intel Core i3 9100T 3.1 GHz. \u00b7 16 Gb. SO-DDR4 RAM \u00b7 256 Gb. SSD \u00b7 <strong>Windows 11 Pro<\/strong> \u00b7<br \/>\n<u>1xM.2 2280 pour le stockage disponible<\/u> [&#8230;]<\/p>\n<p><a class=\"btn btn-secondary understrap-read-more-link\" href=\"https:\/\/digalco.com\/fr\/produit\/fujitsu-esprimo-q558-mini-reconditionne-core-i3-31ghz-16-gb-ram-256-gb-ssd-fr-12104\/\">Lire la suite\u2026<span class=\"screen-reader-text\"> from Fujitsu Esprimo Q558 Mini | Reconditionn\u00e9 | Core i3 3.1GHz | 16 GB RAM | 256 GB SSD<\/span><\/a><\/p>\n","protected":false},"featured_media":317519,"template":"","meta":[],"product_brand":[3859],"product_cat":[1469,1481],"product_tag":[],"class_list":{"0":"post-317624","1":"product","2":"type-product","3":"status-publish","4":"has-post-thumbnail","6":"product_brand-fujitsu","7":"product_cat-ordinateurs-fr","8":"product_cat-ordinateurs-mini-fr","10":"first","11":"instock","12":"sale","13":"taxable","14":"shipping-taxable","15":"purchasable","16":"product-type-simple"},"bundled_by":[],"bundle_stock_status":"instock","bundle_stock_quantity":45,"bundle_virtual":false,"bundle_layout":"","bundle_add_to_cart_form_location":"","bundle_editable_in_cart":false,"bundle_sold_individually_context":"","bundle_item_grouping":"","bundle_min_size":"","bundle_max_size":"","bundle_price":[],"bundled_items":[],"bundle_sell_ids":[],"exclude_global_add_ons":true,"addons":{"webcam-upgrades":{"name":"Extension Webcam","type":"multiple_choice","position":0,"required":false,"title_format":"heading","default":"","description_enable":false,"description":"","placeholder_enable":false,"placeholder":"","display":"radiobutton","restrictions_type":"any_text","adjust_price":false,"price":"","price_type":"quantity_based","restrictions":false,"min":"0","max":"0","options":[{"label":"Conceptronic AMDIS FullHD [AMP00085]","price":"29.0000","price_type":"quantity_based","image":0,"visibility":true}]},"ram-memory-upgrades":{"name":"Extension RAM","type":"multiple_choice","position":0,"required":false,"title_format":"heading","default":"","description_enable":false,"description":"","placeholder_enable":false,"placeholder":"","display":"radiobutton","restrictions_type":"any_text","adjust_price":false,"price":"","price_type":"quantity_based","restrictions":false,"min":"0","max":"0","options":[{"label":"Extension de 32 Gb de RAM SODIMM [AMP00098]","price":"150.0000","price_type":"quantity_based","image":0,"visibility":true}]},"hdd-upgrades":{"name":"Extension disque dur","type":"multiple_choice","position":0,"required":false,"title_format":"heading","default":"","description_enable":false,"description":"","placeholder_enable":false,"placeholder":"","display":"radiobutton","restrictions_type":"any_text","adjust_price":false,"price":"","price_type":"quantity_based","restrictions":false,"min":"0","max":"0","options":[{"label":"Passez au disque SSD de 480 Gb. [AMP00014]","price":"59.0000","price_type":"quantity_based","image":0,"visibility":true},{"label":"Passez au disque SSD 1 Tb. [AMP00071]","price":"95.0000","price_type":"quantity_based","image":0,"visibility":true},{"label":"Passez au disque SSD de 500 Gb. M.2 2280PCIe [AMP00106]","price":"110.0000","price_type":"quantity_based","image":0,"visibility":true},{"label":"Passez au disque SSD 1 Tb. M.2 2280 PCIe [AMP00107]","price":"165.0000","price_type":"quantity_based","image":0,"visibility":true},{"label":"Passez au disque SSD 2 Tb. M.2 2280 PCIe [AMP00171]","price":"260.0000","price_type":"quantity_based","image":0,"visibility":true},{"label":"SSD suppl\u00e9mentaire 500 Gb. M.2 2280 PCIe [AMP00108]","price":"115.0000","price_type":"quantity_based","image":0,"visibility":true},{"label":"Disque SSD de 1 Tb. M.2 2280 PCIe suppl\u00e9mentaire [AMP00109]","price":"170.0000","price_type":"quantity_based","image":0,"visibility":true},{"label":"Disque SSD de 2 Tb. M.2 2280 PCIe suppl\u00e9mentaire [AMP00176]","price":"265.0000","price_type":"quantity_based","image":0,"visibility":true}]},"network-card-upgrades":{"name":"Extension WIFI","type":"multiple_choice","position":0,"required":false,"title_format":"heading","default":"","description_enable":false,"description":"","placeholder_enable":false,"placeholder":"","display":"radiobutton","restrictions_type":"any_text","adjust_price":false,"price":"","price_type":"quantity_based","restrictions":false,"min":"0","max":"0","options":[{"label":"Mise \u00e0 niveau nano USB sans fil [AMP00018]","price":"12.0000","price_type":"quantity_based","image":0,"visibility":true}]},"os-upgrades":{"name":"Expansion SO","type":"multiple_choice","position":0,"required":false,"title_format":"heading","default":"","description_enable":false,"description":"","placeholder_enable":false,"placeholder":"","display":"radiobutton","restrictions_type":"any_text","adjust_price":false,"price":"","price_type":"quantity_based","restrictions":false,"min":"0","max":"0","options":[{"label":"Changer la langue en fran\u00e7ais [AMP00125]","price":"0.0000","price_type":"quantity_based","image":0,"visibility":true},{"label":"Changer la langue en anglais [AMP00008]","price":"0.0000","price_type":"quantity_based","image":0,"visibility":true},{"label":"Changer la langue en portugais [AMP00009]","price":"0.0000","price_type":"quantity_based","image":0,"visibility":true}]},"keyboard-upgrades":{"name":"Extension clavier","type":"multiple_choice","position":0,"required":false,"title_format":"heading","default":"","description_enable":false,"description":"","placeholder_enable":false,"placeholder":"","display":"radiobutton","restrictions_type":"any_text","adjust_price":false,"price":"","price_type":"quantity_based","restrictions":false,"min":"0","max":"0","options":[{"label":"Clavier et souris [AMP00020]","price":"8.0000","price_type":"quantity_based","image":0,"visibility":true},{"label":"Clavier et souris Portuguese New [AMP00088]","price":"15.0000","price_type":"quantity_based","image":0,"visibility":true},{"label":"Clavier et souris USB espagnols (Nouveau) [AMP00068]","price":"12.0000","price_type":"quantity_based","image":0,"visibility":true}]}},"df_price":199,"df_sale_price":199,"df_regular_price":264,"df_image_link":"https:\/\/digalco.com\/wp-content\/uploads\/images\/product\/12104\/fuji00235_01-300x225.jpg","_links":{"self":[{"href":"https:\/\/digalco.com\/fr\/wp-json\/wp\/v2\/product\/317624","targetHints":{"allow":["GET"]}}],"collection":[{"href":"https:\/\/digalco.com\/fr\/wp-json\/wp\/v2\/product"}],"about":[{"href":"https:\/\/digalco.com\/fr\/wp-json\/wp\/v2\/types\/product"}],"wp:featuredmedia":[{"embeddable":true,"href":"https:\/\/digalco.com\/fr\/wp-json\/wp\/v2\/media\/317519"}],"wp:attachment":[{"href":"https:\/\/digalco.com\/fr\/wp-json\/wp\/v2\/media?parent=317624"}],"wp:term":[{"taxonomy":"product_brand","embeddable":true,"href":"https:\/\/digalco.com\/fr\/wp-json\/wp\/v2\/product_brand?post=317624"},{"taxonomy":"product_cat","embeddable":true,"href":"https:\/\/digalco.com\/fr\/wp-json\/wp\/v2\/product_cat?post=317624"},{"taxonomy":"product_tag","embeddable":true,"href":"https:\/\/digalco.com\/fr\/wp-json\/wp\/v2\/product_tag?post=317624"}],"curies":[{"name":"wp","href":"https:\/\/api.w.org\/{rel}","templated":true}]}}

Fujitsu Esprimo Q558 Mini | Reconditionné | Core i3 3.1GHz | 16 GB RAM | 256 GB SSD

<p><strong>Processeur</strong><br />Intel Core i3 9100T 3.1 GHz.<br /><strong>Facteur de forme</strong><br />Mini<br /><strong>Mémoire RAM</strong><br />16 Gb. SO-DDR4 RAM<br /><strong>Disque dur</strong><br />256 Gb. SSD<br /><strong>Cartes</strong><br />Graphique: Intel HD Graphics UHD 630<br />Son: High Definition Audio<br />Réseau: Realtek PCIe GBe family<br /><strong>Système opératif</strong><br />Windows 11 Pro<br /><strong>Ports</strong><br />4x USB 2.0<br />4x USB 3.0<br /><strong>Ports vidéo</strong><br />Display Port<br />DVI<br /><strong>Connectivité</strong><br />RJ-45<br /><strong>Autres</strong><br />hR emballage<br /><strong>Dimensions</strong><br />20&#215;18.5&#215;6 cm.<br /><strong>Poids</strong><br />1.71 Kg.<br /><strong>Spécifications supplémentaires</strong><br />Le FUJITSU Esprimo Q558 Mini est un ordinateur de bureau professionnel ultra-compact conçu pour offrir des performances fiables et une efficacité énergétique dans des environnements où l’espace est un facteur clé. Grâce à son Intel Core i3-9100T à 4 cœurs à 3.1 GHz, cet équipement fournit plus que suffisamment de puissance pour les tâches administratives, la gestion d’entreprise, les applications bureautiques et le travail multitâche avec une grande stabilité.<br />Avec 16 Go de mémoire DDR4, le système offre une expérience fluide même avec plusieurs applications ouvertes, permettant de maintenir un rythme de travail agile tout au long de la journée. Le SSD de 256 Go améliore considérablement la vitesse de démarrage et l’accès aux fichiers, réduisant les temps d’attente et augmentant la productivité quotidienne. Équipé de Windows 11 Pro, ce PC de bureau pour entreprise intègre des fonctions avancées de sécurité et de gestion, préparées pour les environnements professionnels modernes.<br />Son format Mini PC permet de le placer discrètement sur n’importe quel bureau, derrière le moniteur ou dans des espaces réduits, créant des postes de travail plus organisés et efficaces. De plus, il dispose d’un emplacement M.2 2280 libre pour étendre le stockage, ce qui facilite l’adaptation de l’équipement aux besoins futurs sans complications.<br />Compact, silencieux et très efficace, l’Esprimo Q558 est un ordinateur de bureau compact et fiable idéal pour les bureaux, cabinets ou environnements techniques qui recherchent un ordinateur de bureau fiable avec de bonnes performances, une faible consommation et un excellent équilibre entre taille, puissance et durabilité.<br />Bon aspect extérieur. Regardez dans « + Photos » et si vous avez des questions appelez-nous ou utilisez notre chat pour élargir les informations ou pour demander plus de détails.<br /><strong>Commentaires</strong><br /><u>1xM.2 2280 pour le stockage disponible</u></p>

<p>Intel Core i3 9100T 3.1 GHz. · 16 Gb. SO-DDR4 RAM · 256 Gb. SSD · <strong>Windows 11 Pro</strong> ·<br />
<u>1xM.2 2280 pour le stockage disponible</u> [&#8230;]</p>
<p><a class="btn btn-secondary understrap-read-more-link" href="https://digalco.com/fr/produit/fujitsu-esprimo-q558-mini-reconditionne-core-i3-31ghz-16-gb-ram-256-gb-ssd-fr-12104/">Lire la suite…<span class="screen-reader-text"> from Fujitsu Esprimo Q558 Mini | Reconditionné | Core i3 3.1GHz | 16 GB RAM | 256 GB SSD</span></a></p>

SSD supplémentaire 500 Gb. M.2 2280 PCIe [AMP00108]

Disque SSD de 1 Tb. M.2 2280 PCIe supplémentaire [AMP00109]

Disque SSD de 2 Tb. M.2 2280 PCIe supplémentaire [AMP00176]

Mise à niveau nano USB sans fil [AMP00018]

Changer la langue en français [AMP00125]
