{"id":319746,"date":"2026-03-09T12:14:20","date_gmt":"2026-03-09T11:14:20","guid":{"rendered":"https:\/\/digalco.com\/tienda\/hp-prodesk-400-g6-impecable-mini-reconditionne-core-i5-23ghz-8-gb-ram-256-gb-ssd-m2-fr-14785\/"},"modified":"2026-03-09T12:26:45","modified_gmt":"2026-03-09T11:26:45","slug":"hp-prodesk-400-g6-impecable-mini-reconditionne-core-i5-23ghz-8-gb-ram-256-gb-ssd-m2-fr-14785","status":"publish","type":"product","link":"https:\/\/digalco.com\/fr\/produit\/hp-prodesk-400-g6-impecable-mini-reconditionne-core-i5-23ghz-8-gb-ram-256-gb-ssd-m2-fr-14785\/","title":{"rendered":"HP ProDesk 400 G6-Impecable Mini | Reconditionn\u00e9 | Core i5 2.3GHz | 8 GB RAM | 256 GB SSD M2"},"content":{"rendered":"<p><strong>Processeur<\/strong><br \/>Intel Core i5 10500T 2.3 GHz.<br \/><strong>Facteur de forme<\/strong><br \/>Mini<br \/><strong>M\u00e9moire RAM<\/strong><br \/>8 Gb. SO-DDR4 RAM<br \/><strong>Disque dur<\/strong><br \/>256 Gb. SSD M2<br \/><strong>Cartes<\/strong><br \/>Graphique: Intel UHD Graphics 630<br \/>Son: Hight Definition Audio<br \/>R\u00e9seau: I219-LM<br \/><strong>Syst\u00e8me op\u00e9ratif<\/strong><br \/>Windows 11 Pro<br \/><strong>Ports<\/strong><br \/>USB-C<br \/>6x USB 3.1<br \/><strong>Ports vid\u00e9o<\/strong><br \/>HDMI<br \/>Display Port<br \/><strong>Connectivit\u00e9<\/strong><br \/>RJ-45<br \/><strong>Autres<\/strong><br \/>hR emballage<br \/><strong>Dimensions<\/strong><br \/>1718&#215;3.5&#215;1718 cm.<br \/><strong>Poids<\/strong><br \/>3.00 Kg.<br \/><strong>Sp\u00e9cifications suppl\u00e9mentaires<\/strong><br \/>Le HP ProDesk 400 G6 Mini est un ordinateur de bureau professionnel compact con\u00e7u pour offrir productivit\u00e9 et efficacit\u00e9 dans des environnements o\u00f9 l\u2019espace est limit\u00e9 mais o\u00f9 les performances restent une priorit\u00e9. \u00c9quip\u00e9 du Intel Core i5-10500T de 10\u1d49 g\u00e9n\u00e9ration, avec 6 c\u0153urs et la technologie Turbo Boost, il offre un fonctionnement fluide et stable pour les applications professionnelles, les outils bureautiques avanc\u00e9s et le multit\u00e2che quotidien.Ses 8 Go de m\u00e9moire DDR4 permettent de travailler avec plusieurs applications ouvertes avec agilit\u00e9, tandis que le SSD M.2 de 256 Go acc\u00e9l\u00e8re le d\u00e9marrage du syst\u00e8me et le chargement des programmes, am\u00e9liorant consid\u00e9rablement l\u2019efficacit\u00e9 du poste de travail. Avec Windows 11 Pro, ce PC de bureau pour entreprise offre un environnement moderne et s\u00e9curis\u00e9, pr\u00eat \u00e0 s\u2019int\u00e9grer facilement dans des infrastructures professionnelles et des r\u00e9seaux d\u2019entreprise.Le design Mini est l\u2019un de ses grands atouts : il permet de le placer derri\u00e8re le moniteur ou dans tout espace r\u00e9duit, en gardant le bureau organis\u00e9 et en optimisant l\u2019environnement de travail. Malgr\u00e9 sa taille, il offre une connectivit\u00e9 compl\u00e8te et l\u2019efficacit\u00e9 \u00e9nerg\u00e9tique typique des processeurs basse consommation de cette gamme.Compact, silencieux et efficace, le ProDesk 400 G6 Mini est un ordinateur de bureau compact et fiable, id\u00e9al comme ordinateur fiable pour bureau ou espace professionnel. Une solution pratique qui combine performances, stabilit\u00e9 et optimisation de l\u2019espace pour des environnements de travail modernes recherchant une productivit\u00e9 constante avec une consommation d\u2019\u00e9nergie r\u00e9duite.<strong>Aspect ext\u00e9rieur impeccable<\/strong>. Regardez dans \u00ab + Photos \u00bb et si vous avez des questions appelez-nous ou utilisez notre chat pour \u00e9largir les informations ou pour demander plus de d\u00e9tails.<\/p>\n","protected":false},"excerpt":{"rendered":"<p>Intel Core i5 10500T 2.3 GHz. \u00b7 8 Gb. SO-DDR4 RAM \u00b7 256 Gb. SSD M2 \u00b7 <strong>Windows 11 Pro<\/strong> [&#8230;]<\/p>\n<p><a class=\"btn btn-secondary understrap-read-more-link\" href=\"https:\/\/digalco.com\/fr\/produit\/hp-prodesk-400-g6-impecable-mini-reconditionne-core-i5-23ghz-8-gb-ram-256-gb-ssd-m2-fr-14785\/\">Lire la suite\u2026<span class=\"screen-reader-text\"> from HP ProDesk 400 G6-Impecable Mini | Reconditionn\u00e9 | Core i5 2.3GHz | 8 GB RAM | 256 GB SSD M2<\/span><\/a><\/p>\n","protected":false},"featured_media":319641,"template":"","meta":[],"product_brand":[3854],"product_cat":[1469,1481],"product_tag":[],"class_list":{"0":"post-319746","1":"product","2":"type-product","3":"status-publish","4":"has-post-thumbnail","6":"product_brand-hp","7":"product_cat-ordinateurs-fr","8":"product_cat-ordinateurs-mini-fr","10":"first","11":"instock","12":"taxable","13":"shipping-taxable","14":"purchasable","15":"product-type-simple"},"bundled_by":[],"bundle_stock_status":"instock","bundle_stock_quantity":7,"bundle_virtual":false,"bundle_layout":"","bundle_add_to_cart_form_location":"","bundle_editable_in_cart":false,"bundle_sold_individually_context":"","bundle_item_grouping":"","bundle_min_size":"","bundle_max_size":"","bundle_price":[],"bundled_items":[],"bundle_sell_ids":[],"exclude_global_add_ons":true,"addons":{"ram-memory-upgrades":{"name":"Extension RAM","type":"multiple_choice","position":0,"required":false,"title_format":"heading","default":"","description_enable":false,"description":"","placeholder_enable":false,"placeholder":"","display":"radiobutton","restrictions_type":"any_text","adjust_price":false,"price":"","price_type":"quantity_based","restrictions":false,"min":"0","max":"0","options":[{"label":"Extension de 16 Gb Gb de RAM SO-DIMM DDR4 [AMP00081]","price":"60.0000","price_type":"quantity_based","image":0,"visibility":true}]},"hdd-upgrades":{"name":"Extension disque dur","type":"multiple_choice","position":0,"required":false,"title_format":"heading","default":"","description_enable":false,"description":"","placeholder_enable":false,"placeholder":"","display":"radiobutton","restrictions_type":"any_text","adjust_price":false,"price":"","price_type":"quantity_based","restrictions":false,"min":"0","max":"0","options":[{"label":"Passez au disque SSD 1 Tb. M.2 2280 PCIe [AMP00107]","price":165,"price_type":"quantity_based","image":0,"visibility":true},{"label":"Passez au disque SSD 2 Tb. M.2 2280 PCIe [AMP00171]","price":"260.0000","price_type":"quantity_based","image":0,"visibility":true},{"label":"Passez au disque SSD de 500 Gb. M.2 2280PCIe [AMP00106]","price":110,"price_type":"quantity_based","image":0,"visibility":true}]},"os-upgrades":{"name":"Expansion SO","type":"multiple_choice","position":0,"required":false,"title_format":"heading","default":"","description_enable":false,"description":"","placeholder_enable":false,"placeholder":"","display":"radiobutton","restrictions_type":"any_text","adjust_price":false,"price":"","price_type":"quantity_based","restrictions":false,"min":"0","max":"0","options":[{"label":"Changer la langue en fran\u00e7ais [AMP00125]","price":"0.0000","price_type":"quantity_based","image":0,"visibility":true},{"label":"Changer la langue en anglais [AMP00008]","price":"0.0000","price_type":"quantity_based","image":0,"visibility":true},{"label":"Changer la langue en portugais [AMP00009]","price":"0.0000","price_type":"quantity_based","image":0,"visibility":true}]},"keyboard-upgrades":{"name":"Extension clavier","type":"multiple_choice","position":0,"required":false,"title_format":"heading","default":"","description_enable":false,"description":"","placeholder_enable":false,"placeholder":"","display":"radiobutton","restrictions_type":"any_text","adjust_price":false,"price":"","price_type":"quantity_based","restrictions":false,"min":"0","max":"0","options":[{"label":"Clavier et souris [AMP00020]","price":"8.0000","price_type":"quantity_based","image":0,"visibility":true},{"label":"Clavier et souris Portuguese New [AMP00088]","price":"15.0000","price_type":"quantity_based","image":0,"visibility":true},{"label":"Clavier et souris USB espagnols (Nouveau) [AMP00068]","price":"12.0000","price_type":"quantity_based","image":0,"visibility":true}]}},"df_price":327,"df_sale_price":"","df_regular_price":327,"df_image_link":"https:\/\/digalco.com\/wp-content\/uploads\/images\/product\/14785\/hp03283_01-300x225.jpg","_links":{"self":[{"href":"https:\/\/digalco.com\/fr\/wp-json\/wp\/v2\/product\/319746","targetHints":{"allow":["GET"]}}],"collection":[{"href":"https:\/\/digalco.com\/fr\/wp-json\/wp\/v2\/product"}],"about":[{"href":"https:\/\/digalco.com\/fr\/wp-json\/wp\/v2\/types\/product"}],"wp:featuredmedia":[{"embeddable":true,"href":"https:\/\/digalco.com\/fr\/wp-json\/wp\/v2\/media\/319641"}],"wp:attachment":[{"href":"https:\/\/digalco.com\/fr\/wp-json\/wp\/v2\/media?parent=319746"}],"wp:term":[{"taxonomy":"product_brand","embeddable":true,"href":"https:\/\/digalco.com\/fr\/wp-json\/wp\/v2\/product_brand?post=319746"},{"taxonomy":"product_cat","embeddable":true,"href":"https:\/\/digalco.com\/fr\/wp-json\/wp\/v2\/product_cat?post=319746"},{"taxonomy":"product_tag","embeddable":true,"href":"https:\/\/digalco.com\/fr\/wp-json\/wp\/v2\/product_tag?post=319746"}],"curies":[{"name":"wp","href":"https:\/\/api.w.org\/{rel}","templated":true}]}}

HP ProDesk 400 G6-Impecable Mini | Reconditionné | Core i5 2.3GHz | 8 GB RAM | 256 GB SSD M2

<p><strong>Processeur</strong><br />Intel Core i5 10500T 2.3 GHz.<br /><strong>Facteur de forme</strong><br />Mini<br /><strong>Mémoire RAM</strong><br />8 Gb. SO-DDR4 RAM<br /><strong>Disque dur</strong><br />256 Gb. SSD M2<br /><strong>Cartes</strong><br />Graphique: Intel UHD Graphics 630<br />Son: Hight Definition Audio<br />Réseau: I219-LM<br /><strong>Système opératif</strong><br />Windows 11 Pro<br /><strong>Ports</strong><br />USB-C<br />6x USB 3.1<br /><strong>Ports vidéo</strong><br />HDMI<br />Display Port<br /><strong>Connectivité</strong><br />RJ-45<br /><strong>Autres</strong><br />hR emballage<br /><strong>Dimensions</strong><br />1718&#215;3.5&#215;1718 cm.<br /><strong>Poids</strong><br />3.00 Kg.<br /><strong>Spécifications supplémentaires</strong><br />Le HP ProDesk 400 G6 Mini est un ordinateur de bureau professionnel compact conçu pour offrir productivité et efficacité dans des environnements où l’espace est limité mais où les performances restent une priorité. Équipé du Intel Core i5-10500T de 10ᵉ génération, avec 6 cœurs et la technologie Turbo Boost, il offre un fonctionnement fluide et stable pour les applications professionnelles, les outils bureautiques avancés et le multitâche quotidien.Ses 8 Go de mémoire DDR4 permettent de travailler avec plusieurs applications ouvertes avec agilité, tandis que le SSD M.2 de 256 Go accélère le démarrage du système et le chargement des programmes, améliorant considérablement l’efficacité du poste de travail. Avec Windows 11 Pro, ce PC de bureau pour entreprise offre un environnement moderne et sécurisé, prêt à s’intégrer facilement dans des infrastructures professionnelles et des réseaux d’entreprise.Le design Mini est l’un de ses grands atouts : il permet de le placer derrière le moniteur ou dans tout espace réduit, en gardant le bureau organisé et en optimisant l’environnement de travail. Malgré sa taille, il offre une connectivité complète et l’efficacité énergétique typique des processeurs basse consommation de cette gamme.Compact, silencieux et efficace, le ProDesk 400 G6 Mini est un ordinateur de bureau compact et fiable, idéal comme ordinateur fiable pour bureau ou espace professionnel. Une solution pratique qui combine performances, stabilité et optimisation de l’espace pour des environnements de travail modernes recherchant une productivité constante avec une consommation d’énergie réduite.<strong>Aspect extérieur impeccable</strong>. Regardez dans « + Photos » et si vous avez des questions appelez-nous ou utilisez notre chat pour élargir les informations ou pour demander plus de détails.</p>

<p>Intel Core i5 10500T 2.3 GHz. · 8 Gb. SO-DDR4 RAM · 256 Gb. SSD M2 · <strong>Windows 11 Pro</strong> [&#8230;]</p>
<p><a class="btn btn-secondary understrap-read-more-link" href="https://digalco.com/fr/produit/hp-prodesk-400-g6-impecable-mini-reconditionne-core-i5-23ghz-8-gb-ram-256-gb-ssd-m2-fr-14785/">Lire la suite…<span class="screen-reader-text"> from HP ProDesk 400 G6-Impecable Mini | Reconditionné | Core i5 2.3GHz | 8 GB RAM | 256 GB SSD M2</span></a></p>

Changer la langue en français [AMP00125]
