{"id":332569,"date":"2026-04-01T11:09:07","date_gmt":"2026-04-01T09:09:07","guid":{"rendered":"https:\/\/digalco.com\/tienda\/hp-elitedesk-800-g5-mini-reconditionne-core-i5-22ghz-16-gb-ram-256-gb-ssd-m2-fr-14896\/"},"modified":"2026-04-01T12:11:31","modified_gmt":"2026-04-01T10:11:31","slug":"hp-elitedesk-800-g5-mini-reconditionne-core-i5-22ghz-16-gb-ram-256-gb-ssd-m2-fr-14896","status":"publish","type":"product","link":"https:\/\/digalco.com\/fr\/produit\/hp-elitedesk-800-g5-mini-reconditionne-core-i5-22ghz-16-gb-ram-256-gb-ssd-m2-fr-14896\/","title":{"rendered":"HP EliteDesk 800 G5 Mini | Reconditionn\u00e9 | Core i5 2.2GHz | 16 GB RAM | 256 GB SSD M2"},"content":{"rendered":"<p><strong>Processeur<\/strong><br \/>Intel Core i5 9500T 2.2 GHz.<br \/><strong>Facteur de forme<\/strong><br \/>Mini<br \/><strong>M\u00e9moire RAM<\/strong><br \/>16 Gb. SO-DDR4 RAM<br \/><strong>Disque dur<\/strong><br \/>256 Gb. SSD M2<br \/><strong>Cartes<\/strong><br \/>Graphique: Intel UHD Graphics 630<br \/>Son: Synaptics HD Audio<br \/>R\u00e9seau: Intel Ethernet Connection I219-LM<br \/><strong>Syst\u00e8me op\u00e9ratif<\/strong><br \/>Windows 11 Home<br \/><strong>Ports<\/strong><br \/>6x USB 3.0<br \/>USB-C<br \/><strong>Ports vid\u00e9o<\/strong><br \/>3x Display Port<br \/><strong>Connectivit\u00e9<\/strong><br \/>RJ-45<br \/><strong>Autres<\/strong><br \/>hR emballage<br \/><strong>Dimensions<\/strong><br \/>18x18x4 cm.<br \/><strong>Poids<\/strong><br \/>1.00 Kg.<br \/><strong>Sp\u00e9cifications suppl\u00e9mentaires<\/strong><br \/>Le HP EliteDesk 800 G5 Mini est un ordinateur de bureau professionnel qui mise sur l\u2019efficacit\u00e9, les performances \u00e9quilibr\u00e9es et un design ultra-compact pens\u00e9 pour les espaces de travail o\u00f9 chaque centim\u00e8tre compte. Son format Mini en fait une solution id\u00e9ale pour les bureaux modernes, permettant de maintenir un environnement propre, organis\u00e9 et tr\u00e8s fonctionnel.\u00c9quip\u00e9 d\u2019un processeur Intel Core i5 9500T, ce PC de bureau pour entreprise est optimis\u00e9 pour offrir des performances stables avec une consommation d\u2019\u00e9nergie r\u00e9duite, ce qui se traduit par une moindre g\u00e9n\u00e9ration de chaleur et un fonctionnement particuli\u00e8rement silencieux. Ses 16 Go de m\u00e9moire DDR4 font la diff\u00e9rence en multit\u00e2che, permettant d\u2019utiliser plusieurs applications de mani\u00e8re fluide et sans interruptions, tandis que le SSD M.2 de 256 Go garantit la rapidit\u00e9 dans chaque action, du d\u00e9marrage \u00e0 la gestion des fichiers.Ce mod\u00e8le se distingue particuli\u00e8rement par sa fiabilit\u00e9 dans des environnements d\u2019utilisation continue, \u00e9tant un syst\u00e8me de bureau fiable qui fonctionne de mani\u00e8re constante jour apr\u00e8s jour. Son design permet de l\u2019int\u00e9grer facilement m\u00eame derri\u00e8re un moniteur, optimisant l\u2019espace sans sacrifier la connectivit\u00e9 ni l\u2019exp\u00e9rience utilisateur.Avec Windows 11 Home, il offre une interface moderne et agile, parfaite pour les environnements qui privil\u00e9gient la simplicit\u00e9, la productivit\u00e9 et la facilit\u00e9 d\u2019utilisation. Le tout accompagn\u00e9 de l\u2019architecture robuste propre \u00e0 la gamme EliteDesk, ax\u00e9e sur la durabilit\u00e9 et la stabilit\u00e9.En r\u00e9sum\u00e9, le HP EliteDesk 800 G5 Mini est un bureau compact, efficace et silencieux, id\u00e9al pour ceux qui recherchent un \u00e9quilibre parfait entre performance, taille et consommation, avec l\u2019assurance d\u2019un syst\u00e8me pr\u00eat pour le travail quotidien sans complications.Bon aspect ext\u00e9rieur. Regardez dans \u201c+ Photos\u201d et \u201cVid\u00e9o\u201d et si vous avez des questions, appelez-nous ou utilisez notre chat pour obtenir plus d\u2019informations ou demander plus de d\u00e9tails.<\/p>\n","protected":false},"excerpt":{"rendered":"<p>Intel Core i5 9500T 2.2 GHz. \u00b7 16 Gb. SO-DDR4 RAM \u00b7 256 Gb. SSD M2 \u00b7 <strong>Windows 11 Home<\/strong> [&#8230;]<\/p>\n<p><a class=\"btn btn-secondary understrap-read-more-link\" href=\"https:\/\/digalco.com\/fr\/produit\/hp-elitedesk-800-g5-mini-reconditionne-core-i5-22ghz-16-gb-ram-256-gb-ssd-m2-fr-14896\/\">Lire la suite\u2026<span class=\"screen-reader-text\"> from HP EliteDesk 800 G5 Mini | Reconditionn\u00e9 | Core i5 2.2GHz | 16 GB RAM | 256 GB SSD M2<\/span><\/a><\/p>\n","protected":false},"featured_media":332464,"template":"","meta":[],"product_brand":[3854],"product_cat":[1469,1481],"product_tag":[],"class_list":{"0":"post-332569","1":"product","2":"type-product","3":"status-publish","4":"has-post-thumbnail","6":"product_brand-hp","7":"product_cat-ordinateurs-fr","8":"product_cat-ordinateurs-mini-fr","10":"first","11":"instock","12":"taxable","13":"shipping-taxable","14":"purchasable","15":"product-type-simple"},"bundled_by":[],"bundle_stock_status":"instock","bundle_stock_quantity":11,"bundle_virtual":false,"bundle_layout":"","bundle_add_to_cart_form_location":"","bundle_editable_in_cart":false,"bundle_sold_individually_context":"","bundle_item_grouping":"","bundle_min_size":"","bundle_max_size":"","bundle_price":[],"bundled_items":[],"bundle_sell_ids":[],"exclude_global_add_ons":true,"addons":{"webcam-upgrades":{"name":"Extension Webcam","type":"multiple_choice","position":0,"required":false,"title_format":"heading","default":"","description_enable":false,"description":"","placeholder_enable":false,"placeholder":"","display":"radiobutton","restrictions_type":"any_text","adjust_price":false,"price":"","price_type":"quantity_based","restrictions":false,"min":"0","max":"0","options":[{"label":"Conceptronic AMDIS FullHD [AMP00085]","price":"29.0000","price_type":"quantity_based","image":0,"visibility":true}]},"ram-memory-upgrades":{"name":"Extension RAM","type":"multiple_choice","position":0,"required":false,"title_format":"heading","default":"","description_enable":false,"description":"","placeholder_enable":false,"placeholder":"","display":"radiobutton","restrictions_type":"any_text","adjust_price":false,"price":"","price_type":"quantity_based","restrictions":false,"min":"0","max":"0","options":[{"label":"Extension de 32 Gb de RAM SODIMM [AMP00098]","price":"150.0000","price_type":"quantity_based","image":0,"visibility":true}]},"hdd-upgrades":{"name":"Extension disque dur","type":"multiple_choice","position":0,"required":false,"title_format":"heading","default":"","description_enable":false,"description":"","placeholder_enable":false,"placeholder":"","display":"radiobutton","restrictions_type":"any_text","adjust_price":false,"price":"","price_type":"quantity_based","restrictions":false,"min":"0","max":"0","options":[{"label":"Passez au disque SSD de 500 Gb. M.2 2280PCIe [AMP00106]","price":"110.0000","price_type":"quantity_based","image":0,"visibility":true},{"label":"Passez au disque SSD 1 Tb. M.2 2280 PCIe [AMP00107]","price":"165.0000","price_type":"quantity_based","image":0,"visibility":true}]},"network-card-upgrades":{"name":"Extension WIFI","type":"multiple_choice","position":0,"required":false,"title_format":"heading","default":"","description_enable":false,"description":"","placeholder_enable":false,"placeholder":"","display":"radiobutton","restrictions_type":"any_text","adjust_price":false,"price":"","price_type":"quantity_based","restrictions":false,"min":"0","max":"0","options":[{"label":"Mise \u00e0 niveau nano USB sans fil [AMP00018]","price":"12.0000","price_type":"quantity_based","image":0,"visibility":true}]},"os-upgrades":{"name":"Expansion SO","type":"multiple_choice","position":0,"required":false,"title_format":"heading","default":"","description_enable":false,"description":"","placeholder_enable":false,"placeholder":"","display":"radiobutton","restrictions_type":"any_text","adjust_price":false,"price":"","price_type":"quantity_based","restrictions":false,"min":"0","max":"0","options":[{"label":"Changer la langue en fran\u00e7ais [AMP00125]","price":"0.0000","price_type":"quantity_based","image":0,"visibility":true},{"label":"Changer la langue en anglais [AMP00008]","price":"0.0000","price_type":"quantity_based","image":0,"visibility":true},{"label":"Changer la langue en portugais [AMP00009]","price":"0.0000","price_type":"quantity_based","image":0,"visibility":true}]},"keyboard-upgrades":{"name":"Extension clavier","type":"multiple_choice","position":0,"required":false,"title_format":"heading","default":"","description_enable":false,"description":"","placeholder_enable":false,"placeholder":"","display":"radiobutton","restrictions_type":"any_text","adjust_price":false,"price":"","price_type":"quantity_based","restrictions":false,"min":"0","max":"0","options":[{"label":"Clavier et souris [AMP00020]","price":"8.0000","price_type":"quantity_based","image":0,"visibility":true},{"label":"Clavier et souris Portuguese New [AMP00088]","price":"15.0000","price_type":"quantity_based","image":0,"visibility":true},{"label":"Clavier et souris USB espagnols (Nouveau) [AMP00068]","price":"12.0000","price_type":"quantity_based","image":0,"visibility":true}]}},"df_price":299,"df_sale_price":"","df_regular_price":299,"df_image_link":"https:\/\/digalco.com\/wp-content\/uploads\/images\/product\/14896\/hp03326_01-300x225.jpg","_links":{"self":[{"href":"https:\/\/digalco.com\/fr\/wp-json\/wp\/v2\/product\/332569","targetHints":{"allow":["GET"]}}],"collection":[{"href":"https:\/\/digalco.com\/fr\/wp-json\/wp\/v2\/product"}],"about":[{"href":"https:\/\/digalco.com\/fr\/wp-json\/wp\/v2\/types\/product"}],"wp:featuredmedia":[{"embeddable":true,"href":"https:\/\/digalco.com\/fr\/wp-json\/wp\/v2\/media\/332464"}],"wp:attachment":[{"href":"https:\/\/digalco.com\/fr\/wp-json\/wp\/v2\/media?parent=332569"}],"wp:term":[{"taxonomy":"product_brand","embeddable":true,"href":"https:\/\/digalco.com\/fr\/wp-json\/wp\/v2\/product_brand?post=332569"},{"taxonomy":"product_cat","embeddable":true,"href":"https:\/\/digalco.com\/fr\/wp-json\/wp\/v2\/product_cat?post=332569"},{"taxonomy":"product_tag","embeddable":true,"href":"https:\/\/digalco.com\/fr\/wp-json\/wp\/v2\/product_tag?post=332569"}],"curies":[{"name":"wp","href":"https:\/\/api.w.org\/{rel}","templated":true}]}}

HP EliteDesk 800 G5 Mini | Reconditionné | Core i5 2.2GHz | 16 GB RAM | 256 GB SSD M2

<p><strong>Processeur</strong><br />Intel Core i5 9500T 2.2 GHz.<br /><strong>Facteur de forme</strong><br />Mini<br /><strong>Mémoire RAM</strong><br />16 Gb. SO-DDR4 RAM<br /><strong>Disque dur</strong><br />256 Gb. SSD M2<br /><strong>Cartes</strong><br />Graphique: Intel UHD Graphics 630<br />Son: Synaptics HD Audio<br />Réseau: Intel Ethernet Connection I219-LM<br /><strong>Système opératif</strong><br />Windows 11 Home<br /><strong>Ports</strong><br />6x USB 3.0<br />USB-C<br /><strong>Ports vidéo</strong><br />3x Display Port<br /><strong>Connectivité</strong><br />RJ-45<br /><strong>Autres</strong><br />hR emballage<br /><strong>Dimensions</strong><br />18x18x4 cm.<br /><strong>Poids</strong><br />1.00 Kg.<br /><strong>Spécifications supplémentaires</strong><br />Le HP EliteDesk 800 G5 Mini est un ordinateur de bureau professionnel qui mise sur l’efficacité, les performances équilibrées et un design ultra-compact pensé pour les espaces de travail où chaque centimètre compte. Son format Mini en fait une solution idéale pour les bureaux modernes, permettant de maintenir un environnement propre, organisé et très fonctionnel.Équipé d’un processeur Intel Core i5 9500T, ce PC de bureau pour entreprise est optimisé pour offrir des performances stables avec une consommation d’énergie réduite, ce qui se traduit par une moindre génération de chaleur et un fonctionnement particulièrement silencieux. Ses 16 Go de mémoire DDR4 font la différence en multitâche, permettant d’utiliser plusieurs applications de manière fluide et sans interruptions, tandis que le SSD M.2 de 256 Go garantit la rapidité dans chaque action, du démarrage à la gestion des fichiers.Ce modèle se distingue particulièrement par sa fiabilité dans des environnements d’utilisation continue, étant un système de bureau fiable qui fonctionne de manière constante jour après jour. Son design permet de l’intégrer facilement même derrière un moniteur, optimisant l’espace sans sacrifier la connectivité ni l’expérience utilisateur.Avec Windows 11 Home, il offre une interface moderne et agile, parfaite pour les environnements qui privilégient la simplicité, la productivité et la facilité d’utilisation. Le tout accompagné de l’architecture robuste propre à la gamme EliteDesk, axée sur la durabilité et la stabilité.En résumé, le HP EliteDesk 800 G5 Mini est un bureau compact, efficace et silencieux, idéal pour ceux qui recherchent un équilibre parfait entre performance, taille et consommation, avec l’assurance d’un système prêt pour le travail quotidien sans complications.Bon aspect extérieur. Regardez dans “+ Photos” et “Vidéo” et si vous avez des questions, appelez-nous ou utilisez notre chat pour obtenir plus d’informations ou demander plus de détails.</p>

<p>Intel Core i5 9500T 2.2 GHz. · 16 Gb. SO-DDR4 RAM · 256 Gb. SSD M2 · <strong>Windows 11 Home</strong> [&#8230;]</p>
<p><a class="btn btn-secondary understrap-read-more-link" href="https://digalco.com/fr/produit/hp-elitedesk-800-g5-mini-reconditionne-core-i5-22ghz-16-gb-ram-256-gb-ssd-m2-fr-14896/">Lire la suite…<span class="screen-reader-text"> from HP EliteDesk 800 G5 Mini | Reconditionné | Core i5 2.2GHz | 16 GB RAM | 256 GB SSD M2</span></a></p>

Mise à niveau nano USB sans fil [AMP00018]

Changer la langue en français [AMP00125]
