{"id":338204,"date":"2026-04-10T10:12:03","date_gmt":"2026-04-10T08:12:03","guid":{"rendered":"https:\/\/digalco.com\/tienda\/microsoft-surface-pro-5-123-reconditionne-core-i7-25ghz-16-gb-ram-512-gb-ssd-m2-2736x1824-fr-14865\/"},"modified":"2026-04-10T10:12:36","modified_gmt":"2026-04-10T08:12:36","slug":"microsoft-surface-pro-5-123-reconditionne-core-i7-25ghz-16-gb-ram-512-gb-ssd-m2-2736x1824-fr-14865","status":"publish","type":"product","link":"https:\/\/digalco.com\/fr\/produit\/microsoft-surface-pro-5-123-reconditionne-core-i7-25ghz-16-gb-ram-512-gb-ssd-m2-2736x1824-fr-14865\/","title":{"rendered":"Microsoft Surface Pro 5 12.3\u00a0\u00bb | Reconditionn\u00e9 | Core i7 2.5GHz | 16 GB RAM | 512 GB SSD M2 2736&#215;1824"},"content":{"rendered":"<p><strong>Processeur<\/strong><br \/>Intel Core i7 7660U 2.5 GHz.<br \/><strong>M\u00e9moire RAM<\/strong><br \/>16 Gb. DDR3 RAM<br \/><strong>Disque dur<\/strong><br \/>512 Gb. SSD M2<br \/><strong>Cartes<\/strong><br \/>Graphique: Intel HD Graphics 620<br \/>Son: High Definition Audio<br \/><strong>Syst\u00e8me op\u00e9ratif<\/strong><br \/>Windows 10 Pro<br \/><strong>Ports<\/strong><br \/>USB 3.0<br \/><strong>\u00c9cran<\/strong><br \/>Tactile 12.3 \u00a0\u00bb 2K 16:9  \u00b7 R\u00e9solution 2736&#215;1824<br \/><strong>Ports vid\u00e9o<\/strong><br \/>Mini Display Port<br \/><strong>Multim\u00e9dias<\/strong><br \/>Cam\u00e9ra arri\u00e8re<br \/>Cam\u00e9ra frontale<br \/><strong>Connectivit\u00e9<\/strong><br \/>WIFI<br \/>Bluetooth<br \/><strong>Autres<\/strong><br \/>hR emballage<br \/><strong>Dimensions<\/strong><br \/>29.2&#215;20.5&#215;1.5 cm.<br \/><strong>Poids<\/strong><br \/>0.80 Kg.<br \/><strong>Sp\u00e9cifications suppl\u00e9mentaires<\/strong><br \/>La Microsoft Surface Pro 5 dans cette configuration avanc\u00e9e est con\u00e7ue pour ceux qui ont besoin d\u2019un suppl\u00e9ment de performances et de stockage sans renoncer \u00e0 la mobilit\u00e9. C\u2019est l\u2019option id\u00e9ale pour travailler avec fluidit\u00e9 dans des environnements professionnels, g\u00e9rer plusieurs t\u00e2ches en m\u00eame temps ou utiliser des applications plus exigeantes, le tout dans un format l\u00e9ger, \u00e9l\u00e9gant et extr\u00eamement polyvalent.<br \/>Gr\u00e2ce \u00e0 son processeur Intel Core i7, associ\u00e9 \u00e0 16 Go de RAM et \u00e0 un SSD de 512 Go, elle offre une exp\u00e9rience rapide, stable et sans goulots d\u2019\u00e9tranglement m\u00eame dans des sc\u00e9narios d\u2019utilisation intensive. Vous pourrez travailler avec plusieurs applications ouvertes, g\u00e9rer de grands volumes de fichiers ou ex\u00e9cuter des logiciels professionnels avec une totale fiabilit\u00e9. Son \u00e9cran tactile de 12,3 pouces avec une r\u00e9solution 2K (2736&#215;1824) garantit une excellente qualit\u00e9 d\u2019image, parfaite pour les t\u00e2ches de pr\u00e9cision, le design l\u00e9ger ou la consommation de contenu avec un haut niveau de d\u00e9tail. Le tout sous Windows 10 Pro, qui apporte s\u00e9curit\u00e9, stabilit\u00e9 et compatibilit\u00e9 totale dans les environnements de travail.<br \/>Cette Surface Pro 5 se distingue particuli\u00e8rement par son \u00e9quilibre entre puissance et portabilit\u00e9, devenant un outil id\u00e9al pour ceux qui ont besoin de performances r\u00e9elles partout. Son format 2 en 1 lui permet de s\u2019adapter \u00e0 diff\u00e9rentes fa\u00e7ons de travailler, offrant la libert\u00e9 d\u2019une tablette et la productivit\u00e9 d\u2019un ordinateur portable. Une solution compl\u00e8te, fiable et pr\u00eate pour le rythme de travail actuel.<br \/>Bonne apparence ext\u00e9rieure. Peut pr\u00e9senter de l\u00e9g\u00e8res marques d\u2019utilisation sur le bo\u00eetier. Regardez \u201c+ Photos\u201d et \u201cVid\u00e9o\u201d et si vous avez des questions, appelez-nous ou utilisez notre chat pour obtenir plus d\u2019informations ou demander plus de d\u00e9tails.<\/p>\n","protected":false},"excerpt":{"rendered":"<p>Intel Core i7 7660U 2.5 GHz. \u00b7 16 Gb. DDR3 RAM \u00b7 512 Gb. SSD M2 \u00b7 Windows 10 Pro \u00b7 Tactile 12.3 \u00a0\u00bb 2K 16:9  \u00b7 R\u00e9solution 2736&#215;1824 [&#8230;]<\/p>\n<p><a class=\"btn btn-secondary understrap-read-more-link\" href=\"https:\/\/digalco.com\/fr\/produit\/microsoft-surface-pro-5-123-reconditionne-core-i7-25ghz-16-gb-ram-512-gb-ssd-m2-2736x1824-fr-14865\/\">Lire la suite\u2026<span class=\"screen-reader-text\"> from Microsoft Surface Pro 5 12.3\u00a0\u00bb | Reconditionn\u00e9 | Core i7 2.5GHz | 16 GB RAM | 512 GB SSD M2 2736&#215;1824<\/span><\/a><\/p>\n","protected":false},"featured_media":338069,"template":"","meta":[],"product_brand":[3860],"product_cat":[3750,1581],"product_tag":[],"class_list":{"0":"post-338204","1":"product","2":"type-product","3":"status-publish","4":"has-post-thumbnail","6":"product_brand-microsoft","7":"product_cat-tablettes-surface-fr","8":"product_cat-tablettes-fr","10":"first","11":"outofstock","12":"taxable","13":"shipping-taxable","14":"purchasable","15":"product-type-simple"},"bundled_by":[],"bundle_stock_status":"outofstock","bundle_stock_quantity":0,"bundle_virtual":false,"bundle_layout":"","bundle_add_to_cart_form_location":"","bundle_editable_in_cart":false,"bundle_sold_individually_context":"","bundle_item_grouping":"","bundle_min_size":"","bundle_max_size":"","bundle_price":[],"bundled_items":[],"bundle_sell_ids":[],"exclude_global_add_ons":true,"addons":{"pencil-upgrades":{"name":"Extension Crayon","type":"multiple_choice","position":0,"required":false,"title_format":"heading","default":"","description_enable":false,"description":"","placeholder_enable":false,"placeholder":"","display":"radiobutton","restrictions_type":"any_text","adjust_price":false,"price":"","price_type":"quantity_based","restrictions":false,"min":"0","max":"0","options":[{"label":"Stylet Microsoft Surface Original [AMP00087]","price":"50.0000","price_type":"quantity_based","image":0,"visibility":true}]},"os-upgrades":{"name":"Expansion SO","type":"multiple_choice","position":0,"required":false,"title_format":"heading","default":"","description_enable":false,"description":"","placeholder_enable":false,"placeholder":"","display":"radiobutton","restrictions_type":"any_text","adjust_price":false,"price":"","price_type":"quantity_based","restrictions":false,"min":"0","max":"0","options":[{"label":"Changer la langue en fran\u00e7ais [AMP00125]","price":"0.0000","price_type":"quantity_based","image":0,"visibility":true},{"label":"Changer la langue en anglais [AMP00008]","price":"0.0000","price_type":"quantity_based","image":0,"visibility":true},{"label":"Changer la langue en portugais [AMP00009]","price":"0.0000","price_type":"quantity_based","image":0,"visibility":true}]},"keyboard-upgrades":{"name":"Extension clavier","type":"multiple_choice","position":0,"required":false,"title_format":"heading","default":"","description_enable":false,"description":"","placeholder_enable":false,"placeholder":"","display":"radiobutton","restrictions_type":"any_text","adjust_price":false,"price":"","price_type":"quantity_based","restrictions":false,"min":"0","max":"0","options":[{"label":"Clavier Surface Pro Inter. (autocollants) [AMP00064]","price":"55.0000","price_type":"quantity_based","image":0,"visibility":true},{"label":"Microsoft Keyboard Surface Pro [AMP00063]","price":"70.0000","price_type":"quantity_based","image":0,"visibility":true},{"label":"Microsoft Keyboard Surface Pro Portuguese [AMP00089]","price":"70.0000","price_type":"quantity_based","image":0,"visibility":true}]}},"df_price":327,"df_sale_price":"","df_regular_price":327,"df_image_link":"https:\/\/digalco.com\/wp-content\/uploads\/images\/product\/14865\/ms00242_01-300x225.jpg","_links":{"self":[{"href":"https:\/\/digalco.com\/fr\/wp-json\/wp\/v2\/product\/338204","targetHints":{"allow":["GET"]}}],"collection":[{"href":"https:\/\/digalco.com\/fr\/wp-json\/wp\/v2\/product"}],"about":[{"href":"https:\/\/digalco.com\/fr\/wp-json\/wp\/v2\/types\/product"}],"wp:featuredmedia":[{"embeddable":true,"href":"https:\/\/digalco.com\/fr\/wp-json\/wp\/v2\/media\/338069"}],"wp:attachment":[{"href":"https:\/\/digalco.com\/fr\/wp-json\/wp\/v2\/media?parent=338204"}],"wp:term":[{"taxonomy":"product_brand","embeddable":true,"href":"https:\/\/digalco.com\/fr\/wp-json\/wp\/v2\/product_brand?post=338204"},{"taxonomy":"product_cat","embeddable":true,"href":"https:\/\/digalco.com\/fr\/wp-json\/wp\/v2\/product_cat?post=338204"},{"taxonomy":"product_tag","embeddable":true,"href":"https:\/\/digalco.com\/fr\/wp-json\/wp\/v2\/product_tag?post=338204"}],"curies":[{"name":"wp","href":"https:\/\/api.w.org\/{rel}","templated":true}]}}

Microsoft Surface Pro 5 12.3 » | Reconditionné | Core i7 2.5GHz | 16 GB RAM | 512 GB SSD M2 2736&#215;1824

<p><strong>Processeur</strong><br />Intel Core i7 7660U 2.5 GHz.<br /><strong>Mémoire RAM</strong><br />16 Gb. DDR3 RAM<br /><strong>Disque dur</strong><br />512 Gb. SSD M2<br /><strong>Cartes</strong><br />Graphique: Intel HD Graphics 620<br />Son: High Definition Audio<br /><strong>Système opératif</strong><br />Windows 10 Pro<br /><strong>Ports</strong><br />USB 3.0<br /><strong>Écran</strong><br />Tactile 12.3  » 2K 16:9  · Résolution 2736&#215;1824<br /><strong>Ports vidéo</strong><br />Mini Display Port<br /><strong>Multimédias</strong><br />Caméra arrière<br />Caméra frontale<br /><strong>Connectivité</strong><br />WIFI<br />Bluetooth<br /><strong>Autres</strong><br />hR emballage<br /><strong>Dimensions</strong><br />29.2&#215;20.5&#215;1.5 cm.<br /><strong>Poids</strong><br />0.80 Kg.<br /><strong>Spécifications supplémentaires</strong><br />La Microsoft Surface Pro 5 dans cette configuration avancée est conçue pour ceux qui ont besoin d’un supplément de performances et de stockage sans renoncer à la mobilité. C’est l’option idéale pour travailler avec fluidité dans des environnements professionnels, gérer plusieurs tâches en même temps ou utiliser des applications plus exigeantes, le tout dans un format léger, élégant et extrêmement polyvalent.<br />Grâce à son processeur Intel Core i7, associé à 16 Go de RAM et à un SSD de 512 Go, elle offre une expérience rapide, stable et sans goulots d’étranglement même dans des scénarios d’utilisation intensive. Vous pourrez travailler avec plusieurs applications ouvertes, gérer de grands volumes de fichiers ou exécuter des logiciels professionnels avec une totale fiabilité. Son écran tactile de 12,3 pouces avec une résolution 2K (2736&#215;1824) garantit une excellente qualité d’image, parfaite pour les tâches de précision, le design léger ou la consommation de contenu avec un haut niveau de détail. Le tout sous Windows 10 Pro, qui apporte sécurité, stabilité et compatibilité totale dans les environnements de travail.<br />Cette Surface Pro 5 se distingue particulièrement par son équilibre entre puissance et portabilité, devenant un outil idéal pour ceux qui ont besoin de performances réelles partout. Son format 2 en 1 lui permet de s’adapter à différentes façons de travailler, offrant la liberté d’une tablette et la productivité d’un ordinateur portable. Une solution complète, fiable et prête pour le rythme de travail actuel.<br />Bonne apparence extérieure. Peut présenter de légères marques d’utilisation sur le boîtier. Regardez “+ Photos” et “Vidéo” et si vous avez des questions, appelez-nous ou utilisez notre chat pour obtenir plus d’informations ou demander plus de détails.</p>

<p>Intel Core i7 7660U 2.5 GHz. · 16 Gb. DDR3 RAM · 512 Gb. SSD M2 · Windows 10 Pro · Tactile 12.3  » 2K 16:9  · Résolution 2736&#215;1824 [&#8230;]</p>
<p><a class="btn btn-secondary understrap-read-more-link" href="https://digalco.com/fr/produit/microsoft-surface-pro-5-123-reconditionne-core-i7-25ghz-16-gb-ram-512-gb-ssd-m2-2736x1824-fr-14865/">Lire la suite…<span class="screen-reader-text"> from Microsoft Surface Pro 5 12.3 » | Reconditionné | Core i7 2.5GHz | 16 GB RAM | 512 GB SSD M2 2736&#215;1824</span></a></p>

Changer la langue en français [AMP00125]
