{"id":424193,"date":"2026-08-31T11:29:05","date_gmt":"2026-08-31T09:29:05","guid":{"rendered":"https:\/\/digalco.com\/tienda\/hp-proone-440-g9-impecable-238-aio-reconditionne-core-i5-2ghz-16-gb-ram-256-gb-ssd-m2-fr-15562\/"},"modified":"2026-08-31T11:29:26","modified_gmt":"2026-08-31T09:29:26","slug":"hp-proone-440-g9-impecable-238-aio-reconditionne-core-i5-2ghz-16-gb-ram-256-gb-ssd-m2-fr-15562","status":"publish","type":"product","link":"https:\/\/digalco.com\/fr\/produit\/hp-proone-440-g9-impecable-238-aio-reconditionne-core-i5-2ghz-16-gb-ram-256-gb-ssd-m2-fr-15562\/","title":{"rendered":"HP ProOne 440 G9-Impecable 23.8\u00a0\u00bb AIO | Reconditionn\u00e9 | Core i5 2GHz | 16 GB RAM | 256 GB SSD M2"},"content":{"rendered":"<p><strong>Processeur<\/strong><br \/>Intel Core i5 12500T 2 GHz.<br \/><strong>Facteur de forme<\/strong><br \/>AIO<br \/><strong>M\u00e9moire RAM<\/strong><br \/>16 Gb. SO-DDR4 RAM<br \/><strong>Disque dur<\/strong><br \/>256 Gb. SSD M2<br \/><strong>Cartes<\/strong><br \/>Graphique: Intel UHD Graphics 770<br \/>Son: Realtek Audio<br \/>R\u00e9seau: Intel Ethernet Connection I219-LM<br \/><strong>Syst\u00e8me op\u00e9ratif<\/strong><br \/>Windows 11 Pro<br \/><strong>Ports<\/strong><br \/>5x USB 3.0<br \/>USB-C<br \/><strong>\u00c9cran<\/strong><br \/>IPS 23.8 \u00a0\u00bb FullHD avec Haut-parleurs \u00b7  16:9  \u00b7 R\u00e9solution 1920&#215;1080<br \/><strong>Ports vid\u00e9o<\/strong><br \/>Display Port<br \/><strong>Multim\u00e9dias<\/strong><br \/>Webcam<br \/><strong>Affichage sp\u00e9cifique<\/strong><br \/>Chargeur externe<br \/>Tension d&rsquo;alimentation externe 120V<br \/>Base<br \/>R\u00e9glable en hauteur<br \/><strong>Connectivit\u00e9<\/strong><br \/>RJ-45<br \/><strong>Autres<\/strong><br \/>hR emballage<br \/><strong>Dimensions<\/strong><br \/>48.9&#215;20.8&#215;36.6 cm.<br \/><strong>Poids<\/strong><br \/>5.70 Kg.<br \/><strong>Sp\u00e9cifications suppl\u00e9mentaires<\/strong><br \/>Le HP ProOne 440 G9 AIO est un ordinateur All in One professionnel qui r\u00e9unit l\u2019ordinateur et l\u2019\u00e9cran dans une seule unit\u00e9, une configuration particuli\u00e8rement pratique pour les bureaux, espaces professionnels, accueils et postes de travail o\u00f9 l\u2019optimisation de l\u2019espace est importante. Il int\u00e8gre un processeur Intel Core i5 12500T \u00e0 2 GHz., associ\u00e9 \u00e0 16 Gb. SO-DDR4 RAM, une combinaison offrant un bon niveau de performances pour les applications professionnelles, le multit\u00e2che, la navigation, la gestion administrative et les travaux bureautiques courants. Son stockage de 256 Gb. SSD M2 assure un fonctionnement r\u00e9actif du syst\u00e8me et un acc\u00e8s rapide aux applications et aux fichiers. Il dispose \u00e9galement de 1xM.2 2280 pour Stockage Disponible, facilitant les futures extensions en fonction des besoins du poste. Il est livr\u00e9 avec Windows 11 Pro, adapt\u00e9 aux environnements professionnels et d\u2019entreprise. Son \u00e9cran IPS FullHD de 23.8 pouces, au format 16:9 et avec une r\u00e9solution de 1920&#215;1080, offre une surface de travail large et confortable, avec de bons angles de vision et des haut-parleurs int\u00e9gr\u00e9s. Le format AIO permet de conserver une installation plus \u00e9pur\u00e9e en r\u00e9duisant le nombre d\u2019\u00e9l\u00e9ments pr\u00e9sents sur le bureau. Le clavier et la souris sont inclus, fournissant ainsi les principaux p\u00e9riph\u00e9riques n\u00e9cessaires pour commencer \u00e0 l\u2019utiliser.<br \/><b>Aspect Ext\u00e9rieur Impeccable<\/b>. Si vous avez des questions, appelez-nous ou utilisez notre chat pour obtenir davantage d\u2019informations ou demander des d\u00e9tails suppl\u00e9mentaires.<br \/><strong>Commentaires<\/strong><br \/><u>1x M.2 2280 pour le stockage disponible \u2013 Clavier et souris inclus<\/u><\/p>\n","protected":false},"excerpt":{"rendered":"<p>Intel Core i5 12500T 2 GHz. \u00b7 16 Gb. SO-DDR4 RAM \u00b7 256 Gb. SSD M2 \u00b7 <strong>Windows 11 Pro<\/strong> \u00b7 IPS 23.8 \u00a0\u00bb FullHD avec Haut-parleurs \u00b7 16:9 \u00b7 <u>1x M.2 2280 pour le stockage disponible \u2013 Clavier et souris inclus<\/u> [&#8230;]<\/p>\n<p><a class=\"btn btn-secondary understrap-read-more-link\" href=\"https:\/\/digalco.com\/fr\/produit\/hp-proone-440-g9-impecable-238-aio-reconditionne-core-i5-2ghz-16-gb-ram-256-gb-ssd-m2-fr-15562\/\">Lire la suite\u2026<span class=\"screen-reader-text\"> from HP ProOne 440 G9-Impecable 23.8\u00a0\u00bb AIO | Reconditionn\u00e9 | Core i5 2GHz | 16 GB RAM | 256 GB SSD M2<\/span><\/a><\/p>\n","protected":false},"featured_media":424118,"template":"","meta":[],"product_brand":[],"product_cat":[1477,4117,1469],"product_tag":[],"class_list":["post-424193","product","type-product","status-publish","has-post-thumbnail","product_cat-ordinateurs-all-in-one-fr","product_cat-ordinateurs-hp-fr","product_cat-ordinateurs-fr","first","instock","taxable","shipping-taxable","purchasable","product-type-simple"],"bundled_by":[],"bundle_stock_status":"instock","bundle_stock_quantity":3,"bundle_virtual":false,"bundle_layout":"","bundle_add_to_cart_form_location":"","bundle_editable_in_cart":false,"bundle_sold_individually_context":"","bundle_item_grouping":"","bundle_min_size":"","bundle_max_size":"","bundle_price":[],"bundled_items":[],"bundle_sell_ids":[],"exclude_global_add_ons":true,"addons":{"ram-memory-upgrades":{"name":"Extension RAM","type":"multiple_choice","position":0,"required":false,"title_format":"heading","default":"","description_enable":false,"description":"","placeholder_enable":false,"placeholder":"","display":"radiobutton","restrictions_type":"any_text","adjust_price":false,"price":"","price_type":"quantity_based","restrictions":false,"min":"0","max":"0","options":[{"label":"Extension de 32 Gb de RAM SODIMM [AMP00098]","price":"150.0000","price_type":"quantity_based","image":0,"visibility":true}]},"hdd-upgrades":{"name":"Extension disque dur","type":"multiple_choice","position":0,"required":false,"title_format":"heading","default":"","description_enable":false,"description":"","placeholder_enable":false,"placeholder":"","display":"radiobutton","restrictions_type":"any_text","adjust_price":false,"price":"","price_type":"quantity_based","restrictions":false,"min":"0","max":"0","options":[{"label":"Passez au disque SSD de 500 Gb. M.2 2280PCIe [AMP00106]","price":"110.0000","price_type":"quantity_based","image":0,"visibility":true},{"label":"Passez au disque SSD 1 Tb. M.2 2280 PCIe [AMP00107]","price":"150.0000","price_type":"quantity_based","image":0,"visibility":true},{"label":"SSD suppl\u00e9mentaire 500 Gb. M.2 2280 PCIe [AMP00108]","price":"115.0000","price_type":"quantity_based","image":0,"visibility":true},{"label":"Disque SSD de 1 Tb. M.2 2280 PCIe suppl\u00e9mentaire [AMP00109]","price":"155.0000","price_type":"quantity_based","image":0,"visibility":true}]},"network-card-upgrades":{"name":"Extension WIFI","type":"multiple_choice","position":0,"required":false,"title_format":"heading","default":"","description_enable":false,"description":"","placeholder_enable":false,"placeholder":"","display":"radiobutton","restrictions_type":"any_text","adjust_price":false,"price":"","price_type":"quantity_based","restrictions":false,"min":"0","max":"0","options":[{"label":"Mise \u00e0 niveau nano USB sans fil [AMP00018]","price":"15.0000","price_type":"quantity_based","image":0,"visibility":true}]},"os-upgrades":{"name":"Expansion SO","type":"multiple_choice","position":0,"required":false,"title_format":"heading","default":"","description_enable":false,"description":"","placeholder_enable":false,"placeholder":"","display":"radiobutton","restrictions_type":"any_text","adjust_price":false,"price":"","price_type":"quantity_based","restrictions":false,"min":"0","max":"0","options":[{"label":"Changer la langue en fran\u00e7ais [AMP00125]","price":"0.0000","price_type":"quantity_based","image":0,"visibility":true},{"label":"Changer la langue en anglais [AMP00008]","price":"0.0000","price_type":"quantity_based","image":0,"visibility":true},{"label":"Changer la langue en portugais [AMP00009]","price":"0.0000","price_type":"quantity_based","image":0,"visibility":true}]}},"df_price":703,"df_sale_price":"","df_regular_price":703,"df_image_link":"https:\/\/digalco.com\/wp-content\/uploads\/images\/product\/15562\/hp03495_01-300x225.jpg","_links":{"self":[{"href":"https:\/\/digalco.com\/fr\/wp-json\/wp\/v2\/product\/424193","targetHints":{"allow":["GET"]}}],"collection":[{"href":"https:\/\/digalco.com\/fr\/wp-json\/wp\/v2\/product"}],"about":[{"href":"https:\/\/digalco.com\/fr\/wp-json\/wp\/v2\/types\/product"}],"wp:featuredmedia":[{"embeddable":true,"href":"https:\/\/digalco.com\/fr\/wp-json\/wp\/v2\/media\/424118"}],"wp:attachment":[{"href":"https:\/\/digalco.com\/fr\/wp-json\/wp\/v2\/media?parent=424193"}],"wp:term":[{"taxonomy":"product_brand","embeddable":true,"href":"https:\/\/digalco.com\/fr\/wp-json\/wp\/v2\/product_brand?post=424193"},{"taxonomy":"product_cat","embeddable":true,"href":"https:\/\/digalco.com\/fr\/wp-json\/wp\/v2\/product_cat?post=424193"},{"taxonomy":"product_tag","embeddable":true,"href":"https:\/\/digalco.com\/fr\/wp-json\/wp\/v2\/product_tag?post=424193"}],"curies":[{"name":"wp","href":"https:\/\/api.w.org\/{rel}","templated":true}]}}

HP ProOne 440 G9-Impecable 23.8 » AIO | Reconditionné | Core i5 2GHz | 16 GB RAM | 256 GB SSD M2

<p><strong>Processeur</strong><br />Intel Core i5 12500T 2 GHz.<br /><strong>Facteur de forme</strong><br />AIO<br /><strong>Mémoire RAM</strong><br />16 Gb. SO-DDR4 RAM<br /><strong>Disque dur</strong><br />256 Gb. SSD M2<br /><strong>Cartes</strong><br />Graphique: Intel UHD Graphics 770<br />Son: Realtek Audio<br />Réseau: Intel Ethernet Connection I219-LM<br /><strong>Système opératif</strong><br />Windows 11 Pro<br /><strong>Ports</strong><br />5x USB 3.0<br />USB-C<br /><strong>Écran</strong><br />IPS 23.8  » FullHD avec Haut-parleurs ·  16:9  · Résolution 1920&#215;1080<br /><strong>Ports vidéo</strong><br />Display Port<br /><strong>Multimédias</strong><br />Webcam<br /><strong>Affichage spécifique</strong><br />Chargeur externe<br />Tension d&rsquo;alimentation externe 120V<br />Base<br />Réglable en hauteur<br /><strong>Connectivité</strong><br />RJ-45<br /><strong>Autres</strong><br />hR emballage<br /><strong>Dimensions</strong><br />48.9&#215;20.8&#215;36.6 cm.<br /><strong>Poids</strong><br />5.70 Kg.<br /><strong>Spécifications supplémentaires</strong><br />Le HP ProOne 440 G9 AIO est un ordinateur All in One professionnel qui réunit l’ordinateur et l’écran dans une seule unité, une configuration particulièrement pratique pour les bureaux, espaces professionnels, accueils et postes de travail où l’optimisation de l’espace est importante. Il intègre un processeur Intel Core i5 12500T à 2 GHz., associé à 16 Gb. SO-DDR4 RAM, une combinaison offrant un bon niveau de performances pour les applications professionnelles, le multitâche, la navigation, la gestion administrative et les travaux bureautiques courants. Son stockage de 256 Gb. SSD M2 assure un fonctionnement réactif du système et un accès rapide aux applications et aux fichiers. Il dispose également de 1xM.2 2280 pour Stockage Disponible, facilitant les futures extensions en fonction des besoins du poste. Il est livré avec Windows 11 Pro, adapté aux environnements professionnels et d’entreprise. Son écran IPS FullHD de 23.8 pouces, au format 16:9 et avec une résolution de 1920&#215;1080, offre une surface de travail large et confortable, avec de bons angles de vision et des haut-parleurs intégrés. Le format AIO permet de conserver une installation plus épurée en réduisant le nombre d’éléments présents sur le bureau. Le clavier et la souris sont inclus, fournissant ainsi les principaux périphériques nécessaires pour commencer à l’utiliser.<br /><b>Aspect Extérieur Impeccable</b>. Si vous avez des questions, appelez-nous ou utilisez notre chat pour obtenir davantage d’informations ou demander des détails supplémentaires.<br /><strong>Commentaires</strong><br /><u>1x M.2 2280 pour le stockage disponible – Clavier et souris inclus</u></p>

<p>Intel Core i5 12500T 2 GHz. · 16 Gb. SO-DDR4 RAM · 256 Gb. SSD M2 · <strong>Windows 11 Pro</strong> · IPS 23.8  » FullHD avec Haut-parleurs · 16:9 · <u>1x M.2 2280 pour le stockage disponible – Clavier et souris inclus</u> [&#8230;]</p>
<p><a class="btn btn-secondary understrap-read-more-link" href="https://digalco.com/fr/produit/hp-proone-440-g9-impecable-238-aio-reconditionne-core-i5-2ghz-16-gb-ram-256-gb-ssd-m2-fr-15562/">Lire la suite…<span class="screen-reader-text"> from HP ProOne 440 G9-Impecable 23.8 » AIO | Reconditionné | Core i5 2GHz | 16 GB RAM | 256 GB SSD M2</span></a></p>

SSD supplémentaire 500 Gb. M.2 2280 PCIe [AMP00108]

Disque SSD de 1 Tb. M.2 2280 PCIe supplémentaire [AMP00109]

Mise à niveau nano USB sans fil [AMP00018]

Changer la langue en français [AMP00125]
