{"id":425183,"date":"2026-09-01T11:47:54","date_gmt":"2026-09-01T09:47:54","guid":{"rendered":"https:\/\/digalco.com\/tienda\/lenovo-thinkbook-14s-yoga-itl-14-reconditionne-core-i5-24ghz-16-gb-ram-256-gb-ssd-m2-1920x1080-fr-15487\/"},"modified":"2026-09-01T11:48:19","modified_gmt":"2026-09-01T09:48:19","slug":"lenovo-thinkbook-14s-yoga-itl-14-reconditionne-core-i5-24ghz-16-gb-ram-256-gb-ssd-m2-1920x1080-fr-15487","status":"publish","type":"product","link":"https:\/\/digalco.com\/fr\/produit\/lenovo-thinkbook-14s-yoga-itl-14-reconditionne-core-i5-24ghz-16-gb-ram-256-gb-ssd-m2-1920x1080-fr-15487\/","title":{"rendered":"Lenovo ThinkBook 14S Yoga ITL 14\u00a0\u00bb | Reconditionn\u00e9 | Core i5 2.4GHz | 16 GB RAM | 256 GB SSD M2 1920&#215;1080"},"content":{"rendered":"<p><strong>Processeur<\/strong><br \/>Intel Core i5 1135G7 2.4 GHz.<br \/><strong>M\u00e9moire RAM<\/strong><br \/>16 Gb. SO-DDR4 RAM<br \/><strong>Disque dur<\/strong><br \/>256 Gb. SSD M2<br \/><strong>Cartes<\/strong><br \/>Graphique: Intel TigerLake GT2<br \/>Son: HD Audio<br \/><strong>Syst\u00e8me op\u00e9ratif<\/strong><br \/>Windows 11 Pro<br \/><strong>Ports<\/strong><br \/>2x USB 3.0<br \/>2x USB-C<br \/><strong>\u00c9cran<\/strong><br \/>Tactile 14 \u00a0\u00bb FullHD 16:9 \u00b7 R\u00e9solution 1920&#215;1080<br \/><strong>Ports vid\u00e9o<\/strong><br \/>HDMI<br \/><strong>Multim\u00e9dias<\/strong><br \/>Webcam<br \/>Lecteur SD<br \/>Lecteur d&#8217;empreintes<br \/><strong>Connectivit\u00e9<\/strong><br \/>WIFI<br \/>Bluetooth<br \/><strong>Notebook sp\u00e9cifique<\/strong><br \/>Langue du clavier Espagnol<br \/><strong>Autres<\/strong><br \/>hR emballage<br \/><strong>Dimensions<\/strong><br \/>32x21x1.7 cm.<br \/><strong>Poids<\/strong><br \/>1.50 Kg.<br \/><strong>Sp\u00e9cifications suppl\u00e9mentaires<\/strong><br \/>Le Lenovo ThinkBook 14S Yoga ITL est un ordinateur portable professionnel de 14 \u00a0\u00bb avec \u00e9cran tactile, con\u00e7u pour le bureau, l\u2019entreprise, la formation, les pr\u00e9sentations et le travail en mobilit\u00e9. Il int\u00e8gre un processeur Intel Core i5 1135G7 \u00e0 2.4 GHz., accompagn\u00e9 de 16 Gb. SO-DDR4 RAM pour travailler avec des applications bureautiques, les e-mails, la navigation, les plateformes web, les appels vid\u00e9o et plusieurs outils ouverts avec une bonne fluidit\u00e9. Son stockage de 256 Gb. SSD M2 permet un d\u00e9marrage rapide de Windows 11 Pro et un acc\u00e8s agile aux programmes, documents et fichiers de travail. L\u2019\u00e9cran Tactile de 14 \u00a0\u00bb FullHD 16:9 avec r\u00e9solution 1920&#215;1080 offre une image nette et permet d\u2019interagir directement avec les applications, menus et contenus compatibles. Il int\u00e8gre \u00e9galement Webcam pour les r\u00e9unions et les communications en ligne, un lecteur SD pour transf\u00e9rer des fichiers depuis des cartes compatibles et un lecteur d\u2019empreintes digitales pour faciliter l\u2019identification et l\u2019acc\u00e8s \u00e0 l\u2019\u00e9quipement. De plus, il dispose de 1xM.2 2280 pour stockage disponible, offrant la possibilit\u00e9 d\u2019augmenter la capacit\u00e9 si davantage d\u2019espace est n\u00e9cessaire. La combinaison du processeur Intel Core i5, des 16 Gb. de m\u00e9moire, du stockage SSD M2 et de l\u2019\u00e9cran tactile offre une configuration polyvalente pour le travail professionnel, les \u00e9tudes et l\u2019utilisation quotidienne.Bon aspect ext\u00e9rieur. Si vous avez des questions, appelez-nous ou utilisez notre chat pour obtenir plus d\u2019informations ou demander davantage de d\u00e9tails.<br \/><strong>Commentaires<\/strong><br \/><u>Stylet inclus &#8211; 1 emplacement M.2 2280 disponible pour le stockage<\/u><\/p>\n","protected":false},"excerpt":{"rendered":"<p>Intel Core i5 1135G7 2.4 GHz. \u00b7 16 Gb. SO-DDR4 RAM \u00b7 256 Gb. SSD M2 \u00b7 <strong>Windows 11 Pro \u00b7 Tactile 14 \u00a0\u00bb FullHD<\/strong> 16:9 \u00b7 Webcam \u00b7 <strong>Stylet inclus<\/strong> &#8211; <u>1 emplacement M.2 2280 disponible pour le stockage<\/u> [&#8230;]<\/p>\n<p><a class=\"btn btn-secondary understrap-read-more-link\" href=\"https:\/\/digalco.com\/fr\/produit\/lenovo-thinkbook-14s-yoga-itl-14-reconditionne-core-i5-24ghz-16-gb-ram-256-gb-ssd-m2-1920x1080-fr-15487\/\">Lire la suite\u2026<span class=\"screen-reader-text\"> from Lenovo ThinkBook 14S Yoga ITL 14\u00a0\u00bb | Reconditionn\u00e9 | Core i5 2.4GHz | 16 GB RAM | 256 GB SSD M2 1920&#215;1080<\/span><\/a><\/p>\n","protected":false},"featured_media":425093,"template":"","meta":[],"product_brand":[],"product_cat":[3760,4192,4162,4212,4167,1517,1533],"product_tag":[],"class_list":["post-425183","product","type-product","status-publish","has-post-thumbnail","product_cat-notebooks-14-fr","product_cat-notebooks-bureau-fr","product_cat-notebooks-cabriolets-fr","product_cat-notebooks-intel-core-i5-fr","product_cat-notebooks-lenovo-fr","product_cat-notebooks-fr","product_cat-notebooks-tactiles-fr","first","instock","taxable","shipping-taxable","purchasable","product-type-simple"],"bundled_by":[],"bundle_stock_status":"instock","bundle_stock_quantity":4,"bundle_virtual":false,"bundle_layout":"","bundle_add_to_cart_form_location":"","bundle_editable_in_cart":false,"bundle_sold_individually_context":"","bundle_item_grouping":"","bundle_min_size":"","bundle_max_size":"","bundle_price":[],"bundled_items":[],"bundle_sell_ids":[],"exclude_global_add_ons":true,"addons":{"keyboard-iso-upgrades":{"name":"Choisir langue du clavier","type":"multiple_choice","position":0,"required":false,"title_format":"heading","default":"","description_enable":false,"description":"","placeholder_enable":false,"placeholder":"","display":"radiobutton","restrictions_type":"any_text","adjust_price":false,"price":"","price_type":"quantity_based","restrictions":false,"min":"0","max":"0","options":[{"label":"Autocollants fran\u00e7ais [AMP00084]","price":"0.0000","price_type":"quantity_based","image":0,"visibility":true},{"label":"Autocollants portugais [AMP00083]","price":"0.0000","price_type":"quantity_based","image":0,"visibility":true}]},"ram-memory-upgrades":{"name":"Extension RAM","type":"multiple_choice","position":0,"required":false,"title_format":"heading","default":"","description_enable":false,"description":"","placeholder_enable":false,"placeholder":"","display":"radiobutton","restrictions_type":"any_text","adjust_price":false,"price":"","price_type":"quantity_based","restrictions":false,"min":"0","max":"0","options":[{"label":"Extension de 32 Gb de RAM SODIMM [AMP00098]","price":"150.0000","price_type":"quantity_based","image":0,"visibility":true}]},"briefcase-upgrades":{"name":"Porte-documents","type":"multiple_choice","position":0,"required":false,"title_format":"heading","default":"","description_enable":false,"description":"","placeholder_enable":false,"placeholder":"","display":"radiobutton","restrictions_type":"any_text","adjust_price":false,"price":"","price_type":"quantity_based","restrictions":false,"min":"0","max":"0","options":[{"label":"Mallette Notebook [AMP00041]","price":"5.0000","price_type":"quantity_based","image":0,"visibility":true}]}},"df_price":396,"df_sale_price":"","df_regular_price":396,"df_image_link":"https:\/\/digalco.com\/wp-content\/uploads\/images\/product\/15487\/leno01224_01-300x225.jpg","_links":{"self":[{"href":"https:\/\/digalco.com\/fr\/wp-json\/wp\/v2\/product\/425183","targetHints":{"allow":["GET"]}}],"collection":[{"href":"https:\/\/digalco.com\/fr\/wp-json\/wp\/v2\/product"}],"about":[{"href":"https:\/\/digalco.com\/fr\/wp-json\/wp\/v2\/types\/product"}],"wp:featuredmedia":[{"embeddable":true,"href":"https:\/\/digalco.com\/fr\/wp-json\/wp\/v2\/media\/425093"}],"wp:attachment":[{"href":"https:\/\/digalco.com\/fr\/wp-json\/wp\/v2\/media?parent=425183"}],"wp:term":[{"taxonomy":"product_brand","embeddable":true,"href":"https:\/\/digalco.com\/fr\/wp-json\/wp\/v2\/product_brand?post=425183"},{"taxonomy":"product_cat","embeddable":true,"href":"https:\/\/digalco.com\/fr\/wp-json\/wp\/v2\/product_cat?post=425183"},{"taxonomy":"product_tag","embeddable":true,"href":"https:\/\/digalco.com\/fr\/wp-json\/wp\/v2\/product_tag?post=425183"}],"curies":[{"name":"wp","href":"https:\/\/api.w.org\/{rel}","templated":true}]}}

Lenovo ThinkBook 14S Yoga ITL 14 » | Reconditionné | Core i5 2.4GHz | 16 GB RAM | 256 GB SSD M2 1920&#215;1080

<p><strong>Processeur</strong><br />Intel Core i5 1135G7 2.4 GHz.<br /><strong>Mémoire RAM</strong><br />16 Gb. SO-DDR4 RAM<br /><strong>Disque dur</strong><br />256 Gb. SSD M2<br /><strong>Cartes</strong><br />Graphique: Intel TigerLake GT2<br />Son: HD Audio<br /><strong>Système opératif</strong><br />Windows 11 Pro<br /><strong>Ports</strong><br />2x USB 3.0<br />2x USB-C<br /><strong>Écran</strong><br />Tactile 14  » FullHD 16:9 · Résolution 1920&#215;1080<br /><strong>Ports vidéo</strong><br />HDMI<br /><strong>Multimédias</strong><br />Webcam<br />Lecteur SD<br />Lecteur d&#8217;empreintes<br /><strong>Connectivité</strong><br />WIFI<br />Bluetooth<br /><strong>Notebook spécifique</strong><br />Langue du clavier Espagnol<br /><strong>Autres</strong><br />hR emballage<br /><strong>Dimensions</strong><br />32x21x1.7 cm.<br /><strong>Poids</strong><br />1.50 Kg.<br /><strong>Spécifications supplémentaires</strong><br />Le Lenovo ThinkBook 14S Yoga ITL est un ordinateur portable professionnel de 14  » avec écran tactile, conçu pour le bureau, l’entreprise, la formation, les présentations et le travail en mobilité. Il intègre un processeur Intel Core i5 1135G7 à 2.4 GHz., accompagné de 16 Gb. SO-DDR4 RAM pour travailler avec des applications bureautiques, les e-mails, la navigation, les plateformes web, les appels vidéo et plusieurs outils ouverts avec une bonne fluidité. Son stockage de 256 Gb. SSD M2 permet un démarrage rapide de Windows 11 Pro et un accès agile aux programmes, documents et fichiers de travail. L’écran Tactile de 14  » FullHD 16:9 avec résolution 1920&#215;1080 offre une image nette et permet d’interagir directement avec les applications, menus et contenus compatibles. Il intègre également Webcam pour les réunions et les communications en ligne, un lecteur SD pour transférer des fichiers depuis des cartes compatibles et un lecteur d’empreintes digitales pour faciliter l’identification et l’accès à l’équipement. De plus, il dispose de 1xM.2 2280 pour stockage disponible, offrant la possibilité d’augmenter la capacité si davantage d’espace est nécessaire. La combinaison du processeur Intel Core i5, des 16 Gb. de mémoire, du stockage SSD M2 et de l’écran tactile offre une configuration polyvalente pour le travail professionnel, les études et l’utilisation quotidienne.Bon aspect extérieur. Si vous avez des questions, appelez-nous ou utilisez notre chat pour obtenir plus d’informations ou demander davantage de détails.<br /><strong>Commentaires</strong><br /><u>Stylet inclus &#8211; 1 emplacement M.2 2280 disponible pour le stockage</u></p>

<p>Intel Core i5 1135G7 2.4 GHz. · 16 Gb. SO-DDR4 RAM · 256 Gb. SSD M2 · <strong>Windows 11 Pro · Tactile 14  » FullHD</strong> 16:9 · Webcam · <strong>Stylet inclus</strong> &#8211; <u>1 emplacement M.2 2280 disponible pour le stockage</u> [&#8230;]</p>
<p><a class="btn btn-secondary understrap-read-more-link" href="https://digalco.com/fr/produit/lenovo-thinkbook-14s-yoga-itl-14-reconditionne-core-i5-24ghz-16-gb-ram-256-gb-ssd-m2-1920x1080-fr-15487/">Lire la suite…<span class="screen-reader-text"> from Lenovo ThinkBook 14S Yoga ITL 14 » | Reconditionné | Core i5 2.4GHz | 16 GB RAM | 256 GB SSD M2 1920&#215;1080</span></a></p>

Autocollants français [AMP00084]
