{"id":426599,"date":"2026-09-02T12:25:16","date_gmt":"2026-09-02T10:25:16","guid":{"rendered":"https:\/\/digalco.com\/tienda\/hp-elitedesk-800-g1-sff-reconditionne-core-i7-34ghz-8-gb-ram-500-gb-hdd-fr-8123\/"},"modified":"2026-09-02T12:25:41","modified_gmt":"2026-09-02T10:25:41","slug":"hp-elitedesk-800-g1-sff-reconditionne-core-i7-34ghz-8-gb-ram-500-gb-hdd-fr-8123","status":"publish","type":"product","link":"https:\/\/digalco.com\/fr\/produit\/hp-elitedesk-800-g1-sff-reconditionne-core-i7-34ghz-8-gb-ram-500-gb-hdd-fr-8123\/","title":{"rendered":"HP EliteDesk 800 G1 SFF | Reconditionn\u00e9 | Core i7 3.4GHz | 8 GB RAM | 500 GB HDD"},"content":{"rendered":"<p><strong>Processeur<\/strong><br \/>Intel Core i7 4770 3.4 GHz.<br \/><strong>Facteur de forme<\/strong><br \/>SFF<br \/><strong>M\u00e9moire RAM<\/strong><br \/>8 Gb. DDR3 RAM<br \/><strong>Disque dur<\/strong><br \/>500 Gb. SATA<br \/><strong>Lecteur optique<\/strong><br \/>DVD<br \/><strong>Cartes<\/strong><br \/>Graphique: Intel HD Graphics 4600<br \/>Son: Realtek High Definition Audio<br \/>R\u00e9seau: I217LM Gigabit Ethernert<br \/><strong>Syst\u00e8me op\u00e9ratif<\/strong><br \/>Windows 10 Pro<br \/><strong>Ports<\/strong><br \/>S\u00e9rie<br \/>6x USB 2.0<br \/>2x PS2<br \/>4x USB 3.0<br \/><strong>Ports vid\u00e9o<\/strong><br \/>VGA<br \/>2x Display Port<br \/><strong>Connectivit\u00e9<\/strong><br \/>RJ-45<br \/><strong>Autres<\/strong><br \/>hR emballage<br \/><strong>Dimensions<\/strong><br \/>34x38x10 cm.<br \/><strong>Poids<\/strong><br \/>6.05 Kg.<br \/><strong>Sp\u00e9cifications suppl\u00e9mentaires<\/strong><br \/>Le HP EliteDesk 800 G1 SFF est un ordinateur professionnel au format compact, con\u00e7u pour les bureaux, entreprises, commerces, \u00e9tablissements scolaires et postes administratifs n\u00e9cessitant un \u00e9quipement solide et facile \u00e0 int\u00e9grer. Il int\u00e8gre un processeur Intel Core i7 4770 \u00e0 3.4 GHz., adapt\u00e9 \u00e0 la bureautique, \u00e0 la gestion d\u2019entreprise, \u00e0 la navigation, aux communications et au multit\u00e2che. Ses 8 Gb. DDR3 RAM offrent une capacit\u00e9 suffisante pour un usage professionnel courant avec plusieurs applications et documents ouverts. Le stockage repose sur un disque de 500 Gb. SATA, offrant de l\u2019espace pour le syst\u00e8me, les programmes et les fichiers de travail. Il comprend un lecteur DVD pour la lecture de supports optiques compatibles et est fourni avec Windows 10 Pro. Ses possibilit\u00e9s d\u2019extension comprennent 1xPCIe X16 et 2xPCIe X1, permettant d\u2019installer des cartes compatibles selon les besoins du poste. Le format SFF facilite son installation sur les bureaux disposant de peu d\u2019espace tout en conservant une configuration pratique pour les t\u00e2ches administratives et professionnelles.<br \/>Bon \u00e9tat ext\u00e9rieur. Le bo\u00eetier peut pr\u00e9senter de l\u00e9g\u00e8res marques d\u2019utilisation. Consultez \u00ab\u00a0+ Photos\u00a0\u00bb et \u00ab\u00a0Vid\u00e9o\u00a0\u00bb et, si vous avez des questions, appelez-nous ou utilisez notre chat pour obtenir davantage d\u2019informations ou demander des d\u00e9tails suppl\u00e9mentaires.<br \/><strong>Commentaires<\/strong><br \/><u>1xPCIe X16 \/ 2xPCIe X1 \/ 1xPCI<\/u><\/p>\n","protected":false},"excerpt":{"rendered":"<p>Intel Core i7 4770 3.4 GHz. \u00b7 8 Gb. DDR3 RAM \u00b7 500 Gb. SATA \u00b7 DVD \u00b7 Windows 10 Pro \u00b7 <u>1xPCIe X16 \/ 2xPCIe X1 \/ 1xPCI<\/u> [&#8230;]<\/p>\n<p><a class=\"btn btn-secondary understrap-read-more-link\" href=\"https:\/\/digalco.com\/fr\/produit\/hp-elitedesk-800-g1-sff-reconditionne-core-i7-34ghz-8-gb-ram-500-gb-hdd-fr-8123\/\">Lire la suite\u2026<span class=\"screen-reader-text\"> from HP EliteDesk 800 G1 SFF | Reconditionn\u00e9 | Core i7 3.4GHz | 8 GB RAM | 500 GB HDD<\/span><\/a><\/p>\n","protected":false},"featured_media":426494,"template":"","meta":[],"product_brand":[],"product_cat":[4102,4112,4117,2422,1469,4107,4142],"product_tag":[],"class_list":["post-426599","product","type-product","status-publish","has-post-thumbnail","product_cat-ordinateurs-bureau-fr","product_cat-ordinateurs-etudiants-fr","product_cat-ordinateurs-hp-fr","product_cat-ordinateurs-intel-core-i7-fr","product_cat-ordinateurs-fr","product_cat-ordinateurs-professionnel-fr","product_cat-ordinateurs-tour-fr","first","instock","taxable","shipping-taxable","purchasable","product-type-simple"],"bundled_by":[],"bundle_stock_status":"instock","bundle_stock_quantity":1,"bundle_virtual":false,"bundle_layout":"","bundle_add_to_cart_form_location":"","bundle_editable_in_cart":false,"bundle_sold_individually_context":"","bundle_item_grouping":"","bundle_min_size":"","bundle_max_size":"","bundle_price":[],"bundled_items":[],"bundle_sell_ids":[],"exclude_global_add_ons":true,"addons":{"webcam-upgrades":{"name":"Extension Webcam","type":"multiple_choice","position":0,"required":false,"title_format":"heading","default":"","description_enable":false,"description":"","placeholder_enable":false,"placeholder":"","display":"radiobutton","restrictions_type":"any_text","adjust_price":false,"price":"","price_type":"quantity_based","restrictions":false,"min":"0","max":"0","options":[{"label":"Conceptronic AMDIS FullHD [AMP00085]","price":"29.0000","price_type":"quantity_based","image":0,"visibility":true}]},"ram-memory-upgrades":{"name":"Extension RAM","type":"multiple_choice","position":0,"required":false,"title_format":"heading","default":"","description_enable":false,"description":"","placeholder_enable":false,"placeholder":"","display":"radiobutton","restrictions_type":"any_text","adjust_price":false,"price":"","price_type":"quantity_based","restrictions":false,"min":"0","max":"0","options":[{"label":"Extension de RAM 16 Gb DDR3 [AMP00002]","price":"30.0000","price_type":"quantity_based","image":0,"visibility":true}]},"hdd-upgrades":{"name":"Extension disque dur","type":"multiple_choice","position":0,"required":false,"title_format":"heading","default":"","description_enable":false,"description":"","placeholder_enable":false,"placeholder":"","display":"radiobutton","restrictions_type":"any_text","adjust_price":false,"price":"","price_type":"quantity_based","restrictions":false,"min":"0","max":"0","options":[{"label":"Passez au disque SSD de 240 Gb. [AMP00013]","price":"35.0000","price_type":"quantity_based","image":0,"visibility":true},{"label":"Passez au disque SSD de 480 Gb. [AMP00014]","price":"59.0000","price_type":"quantity_based","image":0,"visibility":true},{"label":"Passez au disque SSD 1 Tb. [AMP00071]","price":"95.0000","price_type":"quantity_based","image":0,"visibility":true}]},"graphic-card-upgrades":{"name":"Extension carte graphique","type":"multiple_choice","position":0,"required":false,"title_format":"heading","default":"","description_enable":false,"description":"","placeholder_enable":false,"placeholder":"","display":"radiobutton","restrictions_type":"any_text","adjust_price":false,"price":"","price_type":"quantity_based","restrictions":false,"min":"0","max":"0","options":[{"label":"Graphique T. 2 Gb. (1xDVI, 1xHDMI) [AMP00010]","price":"60.0000","price_type":"quantity_based","image":0,"visibility":true}]},"network-card-upgrades":{"name":"Extension WIFI","type":"multiple_choice","position":0,"required":false,"title_format":"heading","default":"","description_enable":false,"description":"","placeholder_enable":false,"placeholder":"","display":"radiobutton","restrictions_type":"any_text","adjust_price":false,"price":"","price_type":"quantity_based","restrictions":false,"min":"0","max":"0","options":[{"label":"Mise \u00e0 niveau de la carte PCI Wi-Fi [AMP00017]","price":"15.0000","price_type":"quantity_based","image":0,"visibility":true},{"label":"Mise \u00e0 niveau nano USB sans fil [AMP00018]","price":"15.0000","price_type":"quantity_based","image":0,"visibility":true}]},"os-upgrades":{"name":"Expansion SO","type":"multiple_choice","position":0,"required":false,"title_format":"heading","default":"","description_enable":false,"description":"","placeholder_enable":false,"placeholder":"","display":"radiobutton","restrictions_type":"any_text","adjust_price":false,"price":"","price_type":"quantity_based","restrictions":false,"min":"0","max":"0","options":[{"label":"Changer la langue en fran\u00e7ais [AMP00125]","price":"0.0000","price_type":"quantity_based","image":0,"visibility":true},{"label":"Changer la langue en anglais [AMP00008]","price":"0.0000","price_type":"quantity_based","image":0,"visibility":true},{"label":"Changer la langue en portugais [AMP00009]","price":"0.0000","price_type":"quantity_based","image":0,"visibility":true}]},"keyboard-upgrades":{"name":"Extension clavier","type":"multiple_choice","position":0,"required":false,"title_format":"heading","default":"","description_enable":false,"description":"","placeholder_enable":false,"placeholder":"","display":"radiobutton","restrictions_type":"any_text","adjust_price":false,"price":"","price_type":"quantity_based","restrictions":false,"min":"0","max":"0","options":[{"label":"Clavier et souris [AMP00020]","price":"8.0000","price_type":"quantity_based","image":0,"visibility":true},{"label":"Clavier et souris Portuguese New [AMP00088]","price":"15.0000","price_type":"quantity_based","image":0,"visibility":true},{"label":"Clavier et souris USB espagnols (Nouveau) [AMP00068]","price":"12.0000","price_type":"quantity_based","image":0,"visibility":true}]}},"df_price":150,"df_sale_price":"","df_regular_price":150,"df_image_link":"https:\/\/digalco.com\/wp-content\/uploads\/images\/product\/8123\/hp01367_01-300x225.jpg","_links":{"self":[{"href":"https:\/\/digalco.com\/fr\/wp-json\/wp\/v2\/product\/426599","targetHints":{"allow":["GET"]}}],"collection":[{"href":"https:\/\/digalco.com\/fr\/wp-json\/wp\/v2\/product"}],"about":[{"href":"https:\/\/digalco.com\/fr\/wp-json\/wp\/v2\/types\/product"}],"wp:featuredmedia":[{"embeddable":true,"href":"https:\/\/digalco.com\/fr\/wp-json\/wp\/v2\/media\/426494"}],"wp:attachment":[{"href":"https:\/\/digalco.com\/fr\/wp-json\/wp\/v2\/media?parent=426599"}],"wp:term":[{"taxonomy":"product_brand","embeddable":true,"href":"https:\/\/digalco.com\/fr\/wp-json\/wp\/v2\/product_brand?post=426599"},{"taxonomy":"product_cat","embeddable":true,"href":"https:\/\/digalco.com\/fr\/wp-json\/wp\/v2\/product_cat?post=426599"},{"taxonomy":"product_tag","embeddable":true,"href":"https:\/\/digalco.com\/fr\/wp-json\/wp\/v2\/product_tag?post=426599"}],"curies":[{"name":"wp","href":"https:\/\/api.w.org\/{rel}","templated":true}]}}

HP EliteDesk 800 G1 SFF | Reconditionné | Core i7 3.4GHz | 8 GB RAM | 500 GB HDD

<p><strong>Processeur</strong><br />Intel Core i7 4770 3.4 GHz.<br /><strong>Facteur de forme</strong><br />SFF<br /><strong>Mémoire RAM</strong><br />8 Gb. DDR3 RAM<br /><strong>Disque dur</strong><br />500 Gb. SATA<br /><strong>Lecteur optique</strong><br />DVD<br /><strong>Cartes</strong><br />Graphique: Intel HD Graphics 4600<br />Son: Realtek High Definition Audio<br />Réseau: I217LM Gigabit Ethernert<br /><strong>Système opératif</strong><br />Windows 10 Pro<br /><strong>Ports</strong><br />Série<br />6x USB 2.0<br />2x PS2<br />4x USB 3.0<br /><strong>Ports vidéo</strong><br />VGA<br />2x Display Port<br /><strong>Connectivité</strong><br />RJ-45<br /><strong>Autres</strong><br />hR emballage<br /><strong>Dimensions</strong><br />34x38x10 cm.<br /><strong>Poids</strong><br />6.05 Kg.<br /><strong>Spécifications supplémentaires</strong><br />Le HP EliteDesk 800 G1 SFF est un ordinateur professionnel au format compact, conçu pour les bureaux, entreprises, commerces, établissements scolaires et postes administratifs nécessitant un équipement solide et facile à intégrer. Il intègre un processeur Intel Core i7 4770 à 3.4 GHz., adapté à la bureautique, à la gestion d’entreprise, à la navigation, aux communications et au multitâche. Ses 8 Gb. DDR3 RAM offrent une capacité suffisante pour un usage professionnel courant avec plusieurs applications et documents ouverts. Le stockage repose sur un disque de 500 Gb. SATA, offrant de l’espace pour le système, les programmes et les fichiers de travail. Il comprend un lecteur DVD pour la lecture de supports optiques compatibles et est fourni avec Windows 10 Pro. Ses possibilités d’extension comprennent 1xPCIe X16 et 2xPCIe X1, permettant d’installer des cartes compatibles selon les besoins du poste. Le format SFF facilite son installation sur les bureaux disposant de peu d’espace tout en conservant une configuration pratique pour les tâches administratives et professionnelles.<br />Bon état extérieur. Le boîtier peut présenter de légères marques d’utilisation. Consultez « + Photos » et « Vidéo » et, si vous avez des questions, appelez-nous ou utilisez notre chat pour obtenir davantage d’informations ou demander des détails supplémentaires.<br /><strong>Commentaires</strong><br /><u>1xPCIe X16 / 2xPCIe X1 / 1xPCI</u></p>

<p>Intel Core i7 4770 3.4 GHz. · 8 Gb. DDR3 RAM · 500 Gb. SATA · DVD · Windows 10 Pro · <u>1xPCIe X16 / 2xPCIe X1 / 1xPCI</u> [&#8230;]</p>
<p><a class="btn btn-secondary understrap-read-more-link" href="https://digalco.com/fr/produit/hp-elitedesk-800-g1-sff-reconditionne-core-i7-34ghz-8-gb-ram-500-gb-hdd-fr-8123/">Lire la suite…<span class="screen-reader-text"> from HP EliteDesk 800 G1 SFF | Reconditionné | Core i7 3.4GHz | 8 GB RAM | 500 GB HDD</span></a></p>

Mise à niveau de la carte PCI Wi-Fi [AMP00017]

Mise à niveau nano USB sans fil [AMP00018]

Changer la langue en français [AMP00125]
