{"id":426825,"date":"2026-09-02T12:54:31","date_gmt":"2026-09-02T10:54:31","guid":{"rendered":"https:\/\/digalco.com\/tienda\/hp-elitebook-830-g5-133-reconditionne-core-i5-26ghz-8-gb-ram-512-gb-ssd-m2-1920x1080-fr-15524\/"},"modified":"2026-09-02T12:55:06","modified_gmt":"2026-09-02T10:55:06","slug":"hp-elitebook-830-g5-133-reconditionne-core-i5-26ghz-8-gb-ram-512-gb-ssd-m2-1920x1080-fr-15524","status":"publish","type":"product","link":"https:\/\/digalco.com\/fr\/produit\/hp-elitebook-830-g5-133-reconditionne-core-i5-26ghz-8-gb-ram-512-gb-ssd-m2-1920x1080-fr-15524\/","title":{"rendered":"HP EliteBook 830 G5 13.3\u00a0\u00bb | Reconditionn\u00e9 | Core i5 2.6GHz | 8 GB RAM | 512 GB SSD M2 1920&#215;1080"},"content":{"rendered":"<p><strong>Processeur<\/strong><br \/>Intel Core i5 7300U 2.6 GHz.<br \/><strong>M\u00e9moire RAM<\/strong><br \/>8 Gb. SO-DDR4 RAM<br \/><strong>Disque dur<\/strong><br \/>512 Gb. SSD M2<br \/><strong>Cartes<\/strong><br \/>Graphique: Intel HD Graphics 620<br \/>Son: Bang&amp;Olufsen<br \/>R\u00e9seau: Intel I219-LM<br \/><strong>Syst\u00e8me op\u00e9ratif<\/strong><br \/>Windows 10 Pro<br \/><strong>Ports<\/strong><br \/>USB-C<br \/>2x USB 3.1<br \/><strong>\u00c9cran<\/strong><br \/>IPS 13.3 \u00a0\u00bb FullHD 16:10 \u00b7 R\u00e9solution 1920&#215;1080<br \/><strong>Ports vid\u00e9o<\/strong><br \/>HDMI<br \/><strong>Multim\u00e9dias<\/strong><br \/>Webcam<br \/>Lecteur d&#8217;empreintes<br \/>Lecteur carte d&rsquo;identit\u00e9<br \/><strong>Connectivit\u00e9<\/strong><br \/>RJ-45<br \/>WIFI<br \/>Bluetooth<br \/><strong>Notebook sp\u00e9cifique<\/strong><br \/>Langue du clavier International (autocollants espagnols)<br \/><strong>Autres<\/strong><br \/>hR emballage<br \/><strong>Dimensions<\/strong><br \/>31&#215;23.3&#215;2 cm.<br \/><strong>Poids<\/strong><br \/>1.30 Kg.<br \/><strong>Sp\u00e9cifications suppl\u00e9mentaires<\/strong><br \/>Le HP EliteBook 830 G5 est un ordinateur portable professionnel de 13.3 \u00a0\u00bb con\u00e7u pour le bureau, l\u2019entreprise, la gestion administrative, la formation et le travail en mobilit\u00e9. Il int\u00e8gre un processeur Intel Core i5 7300U \u00e0 2.6 GHz., accompagn\u00e9 de 8 Gb. SO-DDR4 RAM pour travailler avec des applications bureautiques, les e-mails, la navigation, les plateformes web, les appels vid\u00e9o et les outils courants. Son stockage de 512 Gb. SSD M2 permet un d\u00e9marrage rapide de Windows 10 Pro et offre une capacit\u00e9 confortable pour les programmes, documents et fichiers de travail. L\u2019\u00e9cran IPS de 13.3 \u00a0\u00bb FullHD 16:10 avec r\u00e9solution 1920&#215;1080 offre une image nette dans un format compact, particuli\u00e8rement pratique pour les utilisateurs qui doivent transporter fr\u00e9quemment l\u2019\u00e9quipement. Il int\u00e8gre \u00e9galement Webcam pour les r\u00e9unions et les communications en ligne, un lecteur d\u2019empreintes digitales pour faciliter l\u2019identification et l\u2019acc\u00e8s \u00e0 l\u2019\u00e9quipement, ainsi qu\u2019un lecteur DNI pour les t\u00e2ches et services compatibles. Il dispose d\u2019un clavier international avec autocollants en Castillan, facilitant son utilisation avec la disposition habituelle en espagnol. La combinaison du processeur Intel Core i5, du SSD M2 de 512 Gb. et du format de 13.3 \u00a0\u00bb offre une configuration fonctionnelle pour les utilisateurs qui privil\u00e9gient la mobilit\u00e9 et la capacit\u00e9 de stockage.Bon aspect ext\u00e9rieur. Peut pr\u00e9senter de l\u00e9g\u00e8res marques d\u2019utilisation sur le ch\u00e2ssis. Consultez \u00ab\u00a0+ Photos\u00a0\u00bb et \u00ab\u00a0Vid\u00e9o\u00a0\u00bb et si vous avez des questions, appelez-nous ou utilisez notre chat pour obtenir plus d\u2019informations ou demander davantage de d\u00e9tails.<br \/><strong>Commentaires<\/strong><br \/><u>Clavier international avec autocollants en fran\u00e7ais<\/u><\/p>\n","protected":false},"excerpt":{"rendered":"<p>Intel Core i5 7300U 2.6 GHz. \u00b7 8 Gb. SO-DDR4 RAM \u00b7 512 Gb. SSD M2 \u00b7 Windows 10 Pro \u00b7 IPS 13.3 \u00a0\u00bb FullHD 16:10 \u00b7 Webcam \u00b7 <u>Clavier international avec autocollants en fran\u00e7ais<\/u> [&#8230;]<\/p>\n<p><a class=\"btn btn-secondary understrap-read-more-link\" href=\"https:\/\/digalco.com\/fr\/produit\/hp-elitebook-830-g5-133-reconditionne-core-i5-26ghz-8-gb-ram-512-gb-ssd-m2-1920x1080-fr-15524\/\">Lire la suite\u2026<span class=\"screen-reader-text\"> from HP EliteBook 830 G5 13.3\u00a0\u00bb | Reconditionn\u00e9 | Core i5 2.6GHz | 8 GB RAM | 512 GB SSD M2 1920&#215;1080<\/span><\/a><\/p>\n","protected":false},"featured_media":426675,"template":"","meta":[],"product_brand":[],"product_cat":[3755,4192,4197,4187,4212,4202,1517],"product_tag":[],"class_list":["post-426825","product","type-product","status-publish","has-post-thumbnail","product_cat-notebooks-13-fr","product_cat-notebooks-bureau-fr","product_cat-notebooks-etudiants-fr","product_cat-notebooks-hp-fr","product_cat-notebooks-intel-core-i5-fr","product_cat-notebooks-les-professionnels-fr","product_cat-notebooks-fr","first","instock","taxable","shipping-taxable","purchasable","product-type-simple"],"bundled_by":[],"bundle_stock_status":"instock","bundle_stock_quantity":1,"bundle_virtual":false,"bundle_layout":"","bundle_add_to_cart_form_location":"","bundle_editable_in_cart":false,"bundle_sold_individually_context":"","bundle_item_grouping":"","bundle_min_size":"","bundle_max_size":"","bundle_price":[],"bundled_items":[],"bundle_sell_ids":[],"exclude_global_add_ons":true,"addons":{"keyboard-iso-upgrades":{"name":"Choisir langue du clavier","type":"multiple_choice","position":0,"required":false,"title_format":"heading","default":"","description_enable":false,"description":"","placeholder_enable":false,"placeholder":"","display":"radiobutton","restrictions_type":"any_text","adjust_price":false,"price":"","price_type":"quantity_based","restrictions":false,"min":"0","max":"0","options":[{"label":"Autocollants espagnols [AMP00082]","price":"0.0000","price_type":"quantity_based","image":0,"visibility":true},{"label":"Autocollants fran\u00e7ais [AMP00084]","price":"0.0000","price_type":"quantity_based","image":0,"visibility":true},{"label":"Autocollants portugais [AMP00083]","price":"0.0000","price_type":"quantity_based","image":0,"visibility":true}]},"docking-station-upgrades":{"name":"Extension Docking Station","type":"multiple_choice","position":0,"required":false,"title_format":"heading","default":"","description_enable":false,"description":"","placeholder_enable":false,"placeholder":"","display":"radiobutton","restrictions_type":"any_text","adjust_price":false,"price":"","price_type":"quantity_based","restrictions":false,"min":"0","max":"0","options":[{"label":"HP USB-C Docking Station [AMP00091]","price":"55.0000","price_type":"quantity_based","image":0,"visibility":true},{"label":"HP USB-C Docking Station [AMP00127]","price":"0.0000","price_type":"quantity_based","image":0,"visibility":true}]},"ram-memory-upgrades":{"name":"Extension RAM","type":"multiple_choice","position":0,"required":false,"title_format":"heading","default":"","description_enable":false,"description":"","placeholder_enable":false,"placeholder":"","display":"radiobutton","restrictions_type":"any_text","adjust_price":false,"price":"","price_type":"quantity_based","restrictions":false,"min":"0","max":"0","options":[{"label":"Extension de 16 Gb Gb de RAM SO-DIMM DDR4 [AMP00081]","price":"60.0000","price_type":"quantity_based","image":0,"visibility":true}]},"hdd-upgrades":{"name":"Extension disque dur","type":"multiple_choice","position":0,"required":false,"title_format":"heading","default":"","description_enable":false,"description":"","placeholder_enable":false,"placeholder":"","display":"radiobutton","restrictions_type":"any_text","adjust_price":false,"price":"","price_type":"quantity_based","restrictions":false,"min":"0","max":"0","options":[{"label":"Passez au disque SSD 1 Tb. M.2 2280 PCIe [AMP00107]","price":"150.0000","price_type":"quantity_based","image":0,"visibility":true}]},"os-upgrades":{"name":"Expansion SO","type":"multiple_choice","position":0,"required":false,"title_format":"heading","default":"","description_enable":false,"description":"","placeholder_enable":false,"placeholder":"","display":"radiobutton","restrictions_type":"any_text","adjust_price":false,"price":"","price_type":"quantity_based","restrictions":false,"min":"0","max":"0","options":[{"label":"Changer la langue en fran\u00e7ais [AMP00125]","price":"0.0000","price_type":"quantity_based","image":0,"visibility":true},{"label":"Changer la langue en anglais [AMP00008]","price":"0.0000","price_type":"quantity_based","image":0,"visibility":true},{"label":"Changer la langue en portugais [AMP00009]","price":"0.0000","price_type":"quantity_based","image":0,"visibility":true}]},"briefcase-upgrades":{"name":"Porte-documents","type":"multiple_choice","position":0,"required":false,"title_format":"heading","default":"","description_enable":false,"description":"","placeholder_enable":false,"placeholder":"","display":"radiobutton","restrictions_type":"any_text","adjust_price":false,"price":"","price_type":"quantity_based","restrictions":false,"min":"0","max":"0","options":[{"label":"Mallette Notebook [AMP00041]","price":"5.0000","price_type":"quantity_based","image":0,"visibility":true}]}},"df_price":154,"df_sale_price":"","df_regular_price":154,"df_image_link":"https:\/\/digalco.com\/wp-content\/uploads\/images\/product\/15524\/hp03480_01-300x225.jpg","_links":{"self":[{"href":"https:\/\/digalco.com\/fr\/wp-json\/wp\/v2\/product\/426825","targetHints":{"allow":["GET"]}}],"collection":[{"href":"https:\/\/digalco.com\/fr\/wp-json\/wp\/v2\/product"}],"about":[{"href":"https:\/\/digalco.com\/fr\/wp-json\/wp\/v2\/types\/product"}],"wp:featuredmedia":[{"embeddable":true,"href":"https:\/\/digalco.com\/fr\/wp-json\/wp\/v2\/media\/426675"}],"wp:attachment":[{"href":"https:\/\/digalco.com\/fr\/wp-json\/wp\/v2\/media?parent=426825"}],"wp:term":[{"taxonomy":"product_brand","embeddable":true,"href":"https:\/\/digalco.com\/fr\/wp-json\/wp\/v2\/product_brand?post=426825"},{"taxonomy":"product_cat","embeddable":true,"href":"https:\/\/digalco.com\/fr\/wp-json\/wp\/v2\/product_cat?post=426825"},{"taxonomy":"product_tag","embeddable":true,"href":"https:\/\/digalco.com\/fr\/wp-json\/wp\/v2\/product_tag?post=426825"}],"curies":[{"name":"wp","href":"https:\/\/api.w.org\/{rel}","templated":true}]}}

HP EliteBook 830 G5 13.3 » | Reconditionné | Core i5 2.6GHz | 8 GB RAM | 512 GB SSD M2 1920&#215;1080

<p><strong>Processeur</strong><br />Intel Core i5 7300U 2.6 GHz.<br /><strong>Mémoire RAM</strong><br />8 Gb. SO-DDR4 RAM<br /><strong>Disque dur</strong><br />512 Gb. SSD M2<br /><strong>Cartes</strong><br />Graphique: Intel HD Graphics 620<br />Son: Bang&amp;Olufsen<br />Réseau: Intel I219-LM<br /><strong>Système opératif</strong><br />Windows 10 Pro<br /><strong>Ports</strong><br />USB-C<br />2x USB 3.1<br /><strong>Écran</strong><br />IPS 13.3  » FullHD 16:10 · Résolution 1920&#215;1080<br /><strong>Ports vidéo</strong><br />HDMI<br /><strong>Multimédias</strong><br />Webcam<br />Lecteur d&#8217;empreintes<br />Lecteur carte d&rsquo;identité<br /><strong>Connectivité</strong><br />RJ-45<br />WIFI<br />Bluetooth<br /><strong>Notebook spécifique</strong><br />Langue du clavier International (autocollants espagnols)<br /><strong>Autres</strong><br />hR emballage<br /><strong>Dimensions</strong><br />31&#215;23.3&#215;2 cm.<br /><strong>Poids</strong><br />1.30 Kg.<br /><strong>Spécifications supplémentaires</strong><br />Le HP EliteBook 830 G5 est un ordinateur portable professionnel de 13.3  » conçu pour le bureau, l’entreprise, la gestion administrative, la formation et le travail en mobilité. Il intègre un processeur Intel Core i5 7300U à 2.6 GHz., accompagné de 8 Gb. SO-DDR4 RAM pour travailler avec des applications bureautiques, les e-mails, la navigation, les plateformes web, les appels vidéo et les outils courants. Son stockage de 512 Gb. SSD M2 permet un démarrage rapide de Windows 10 Pro et offre une capacité confortable pour les programmes, documents et fichiers de travail. L’écran IPS de 13.3  » FullHD 16:10 avec résolution 1920&#215;1080 offre une image nette dans un format compact, particulièrement pratique pour les utilisateurs qui doivent transporter fréquemment l’équipement. Il intègre également Webcam pour les réunions et les communications en ligne, un lecteur d’empreintes digitales pour faciliter l’identification et l’accès à l’équipement, ainsi qu’un lecteur DNI pour les tâches et services compatibles. Il dispose d’un clavier international avec autocollants en Castillan, facilitant son utilisation avec la disposition habituelle en espagnol. La combinaison du processeur Intel Core i5, du SSD M2 de 512 Gb. et du format de 13.3  » offre une configuration fonctionnelle pour les utilisateurs qui privilégient la mobilité et la capacité de stockage.Bon aspect extérieur. Peut présenter de légères marques d’utilisation sur le châssis. Consultez « + Photos » et « Vidéo » et si vous avez des questions, appelez-nous ou utilisez notre chat pour obtenir plus d’informations ou demander davantage de détails.<br /><strong>Commentaires</strong><br /><u>Clavier international avec autocollants en français</u></p>

<p>Intel Core i5 7300U 2.6 GHz. · 8 Gb. SO-DDR4 RAM · 512 Gb. SSD M2 · Windows 10 Pro · IPS 13.3  » FullHD 16:10 · Webcam · <u>Clavier international avec autocollants en français</u> [&#8230;]</p>
<p><a class="btn btn-secondary understrap-read-more-link" href="https://digalco.com/fr/produit/hp-elitebook-830-g5-133-reconditionne-core-i5-26ghz-8-gb-ram-512-gb-ssd-m2-1920x1080-fr-15524/">Lire la suite…<span class="screen-reader-text"> from HP EliteBook 830 G5 13.3 » | Reconditionné | Core i5 2.6GHz | 8 GB RAM | 512 GB SSD M2 1920&#215;1080</span></a></p>

Autocollants français [AMP00084]

Changer la langue en français [AMP00125]
