{"id":427488,"date":"2026-09-02T16:33:53","date_gmt":"2026-09-02T14:33:53","guid":{"rendered":"https:\/\/digalco.com\/tienda\/hp-elitebook-820-g4-125-reconditionne-core-i5-25ghz-8-gb-ram-256-gb-ssd-m2-1366x768-fr-5595\/"},"modified":"2026-09-02T16:34:33","modified_gmt":"2026-09-02T14:34:33","slug":"hp-elitebook-820-g4-125-reconditionne-core-i5-25ghz-8-gb-ram-256-gb-ssd-m2-1366x768-fr-5595","status":"publish","type":"product","link":"https:\/\/digalco.com\/fr\/produit\/hp-elitebook-820-g4-125-reconditionne-core-i5-25ghz-8-gb-ram-256-gb-ssd-m2-1366x768-fr-5595\/","title":{"rendered":"HP Elitebook 820 G4 12.5\u00a0\u00bb | Reconditionn\u00e9 | Core i5 2.5GHz | 8 GB RAM | 256 GB SSD M2 1366&#215;768"},"content":{"rendered":"<p><strong>Processeur<\/strong><br \/>Intel Core i5 7200U 2.5 GHz.<br \/><strong>M\u00e9moire RAM<\/strong><br \/>8 Gb. SO-DDR4 RAM<br \/><strong>Disque dur<\/strong><br \/>256 Gb. SSD M2<br \/><strong>Cartes<\/strong><br \/>Graphique: Intel HD Graphics 620<br \/>Son: Bang Olufsen<br \/>R\u00e9seau: Intel I219-LM<br \/><strong>Syst\u00e8me op\u00e9ratif<\/strong><br \/>Windows 10 Pro<br \/><strong>Ports<\/strong><br \/>2x USB 3.0<br \/>USB-C<br \/><strong>\u00c9cran<\/strong><br \/>Led 12.5 \u00a0\u00bb HD 16:9  \u00b7 R\u00e9solution 1366&#215;768<br \/><strong>Ports vid\u00e9o<\/strong><br \/>VGA<br \/>Display Port<br \/><strong>Multim\u00e9dias<\/strong><br \/>Webcam<br \/>Lecteur SD<br \/>Lecteur carte d&rsquo;identit\u00e9<br \/><strong>Connectivit\u00e9<\/strong><br \/>RJ-45<br \/>WIFI<br \/>Bluetooth<br \/><strong>Notebook sp\u00e9cifique<\/strong><br \/>Langue du clavier International (autocollants espagnols)<br \/><strong>Autres<\/strong><br \/>hR emballage<br \/><strong>Dimensions<\/strong><br \/>31x22x2 cm.<br \/><strong>Poids<\/strong><br \/>1.25 Kg.<br \/><strong>Sp\u00e9cifications suppl\u00e9mentaires<\/strong><br \/>Le HP EliteBook 820 G4 est un ordinateur portable professionnel de 12.5 \u00a0\u00bb con\u00e7u pour le bureau, la gestion administrative, la formation et le travail en mobilit\u00e9. Il int\u00e8gre un processeur Intel Core i5 7200U \u00e0 2.5 GHz., accompagn\u00e9 de 8 Gb. SO-DDR4 RAM pour travailler avec des applications bureautiques, les e-mails, la navigation, les plateformes web et les outils courants. Son stockage de 256 Gb. SSD M2 permet un d\u00e9marrage rapide de Windows 10 Pro et un acc\u00e8s agile aux programmes, documents et fichiers. L\u2019\u00e9cran Led de 12.5 \u00a0\u00bb HD 16:9 avec r\u00e9solution 1366&#215;768 conserve des dimensions compactes, particuli\u00e8rement pratiques pour les utilisateurs qui doivent transporter fr\u00e9quemment l\u2019\u00e9quipement ou travailler dans des espaces r\u00e9duits. Il int\u00e8gre \u00e9galement Webcam pour les r\u00e9unions, les appels vid\u00e9o et la formation \u00e0 distance, ainsi qu\u2019un lecteur SD pour transf\u00e9rer des fichiers depuis des cartes compatibles. Le lecteur DNI \u00e9largit ses possibilit\u00e9s pour les t\u00e2ches d\u2019identification et l\u2019acc\u00e8s \u00e0 certains services. La combinaison du processeur Intel Core i5, des 8 Gb. de m\u00e9moire et du stockage SSD M2 offre une configuration fonctionnelle pour les besoins habituels de travail et d\u2019\u00e9tude dans un format l\u00e9ger et maniable.<br \/>Bon aspect ext\u00e9rieur. Peut pr\u00e9senter de l\u00e9g\u00e8res marques d\u2019utilisation sur le ch\u00e2ssis. Consultez \u00ab\u00a0+ Photos\u00a0\u00bb et \u00ab\u00a0Vid\u00e9o\u00a0\u00bb et si vous avez des questions, appelez-nous ou utilisez notre chat pour obtenir plus d\u2019informations ou demander davantage de d\u00e9tails.<br \/><strong>Commentaires<\/strong><br \/><u>Clavier international avec autocollants en fran\u00e7ais<\/u><\/p>\n","protected":false},"excerpt":{"rendered":"<p>Intel Core i5 7200U 2.5 GHz. \u00b7 8 Gb. SO-DDR4 RAM \u00b7 256 Gb. SSD M2 \u00b7 Windows 10 Pro \u00b7 Led 12.5 \u00a0\u00bb HD 16:9 \u00b7 Webcam \u00b7 <u>Clavier international avec autocollants en fran\u00e7ais<\/u> [&#8230;]<\/p>\n<p><a class=\"btn btn-secondary understrap-read-more-link\" href=\"https:\/\/digalco.com\/fr\/produit\/hp-elitebook-820-g4-125-reconditionne-core-i5-25ghz-8-gb-ram-256-gb-ssd-m2-1366x768-fr-5595\/\">Lire la suite\u2026<span class=\"screen-reader-text\"> from HP Elitebook 820 G4 12.5\u00a0\u00bb | Reconditionn\u00e9 | Core i5 2.5GHz | 8 GB RAM | 256 GB SSD M2 1366&#215;768<\/span><\/a><\/p>\n","protected":false},"featured_media":427353,"template":"","meta":[],"product_brand":[],"product_cat":[2430,4152,4192,4197,4187,4212,4202,1517],"product_tag":[],"class_list":["post-427488","product","type-product","status-publish","has-post-thumbnail","product_cat-notebooks-11-12-fr","product_cat-notebooks-12-pouces-fr","product_cat-notebooks-bureau-fr","product_cat-notebooks-etudiants-fr","product_cat-notebooks-hp-fr","product_cat-notebooks-intel-core-i5-fr","product_cat-notebooks-les-professionnels-fr","product_cat-notebooks-fr","first","instock","taxable","shipping-taxable","purchasable","product-type-simple"],"bundled_by":[],"bundle_stock_status":"instock","bundle_stock_quantity":1,"bundle_virtual":false,"bundle_layout":"","bundle_add_to_cart_form_location":"","bundle_editable_in_cart":false,"bundle_sold_individually_context":"","bundle_item_grouping":"","bundle_min_size":"","bundle_max_size":"","bundle_price":[],"bundled_items":[],"bundle_sell_ids":[],"exclude_global_add_ons":true,"addons":{"keyboard-iso-upgrades":{"name":"Choisir langue du clavier","type":"multiple_choice","position":0,"required":false,"title_format":"heading","default":"","description_enable":false,"description":"","placeholder_enable":false,"placeholder":"","display":"radiobutton","restrictions_type":"any_text","adjust_price":false,"price":"","price_type":"quantity_based","restrictions":false,"min":"0","max":"0","options":[{"label":"Autocollants espagnols [AMP00082]","price":"0.0000","price_type":"quantity_based","image":0,"visibility":true},{"label":"Autocollants fran\u00e7ais [AMP00084]","price":"0.0000","price_type":"quantity_based","image":0,"visibility":true},{"label":"Autocollants portugais [AMP00083]","price":"0.0000","price_type":"quantity_based","image":0,"visibility":true}]},"ram-memory-upgrades":{"name":"Extension RAM","type":"multiple_choice","position":0,"required":false,"title_format":"heading","default":"","description_enable":false,"description":"","placeholder_enable":false,"placeholder":"","display":"radiobutton","restrictions_type":"any_text","adjust_price":false,"price":"","price_type":"quantity_based","restrictions":false,"min":"0","max":"0","options":[{"label":"Extension de 16 Gb Gb de RAM SO-DIMM DDR4 [AMP00081]","price":"60.0000","price_type":"quantity_based","image":0,"visibility":true}]},"hdd-upgrades":{"name":"Extension disque dur","type":"multiple_choice","position":0,"required":false,"title_format":"heading","default":"","description_enable":false,"description":"","placeholder_enable":false,"placeholder":"","display":"radiobutton","restrictions_type":"any_text","adjust_price":false,"price":"","price_type":"quantity_based","restrictions":false,"min":"0","max":"0","options":[{"label":"Passez au disque SSD de 500 Gb. M.2 2280PCIe [AMP00106]","price":"110.0000","price_type":"quantity_based","image":0,"visibility":true},{"label":"Passez au disque SSD 1 Tb. M.2 2280 PCIe [AMP00107]","price":"150.0000","price_type":"quantity_based","image":0,"visibility":true}]},"os-upgrades":{"name":"Expansion SO","type":"multiple_choice","position":0,"required":false,"title_format":"heading","default":"","description_enable":false,"description":"","placeholder_enable":false,"placeholder":"","display":"radiobutton","restrictions_type":"any_text","adjust_price":false,"price":"","price_type":"quantity_based","restrictions":false,"min":"0","max":"0","options":[{"label":"Changer la langue en anglais [AMP00008]","price":"0.0000","price_type":"quantity_based","image":0,"visibility":true},{"label":"Changer la langue en portugais [AMP00009]","price":"0.0000","price_type":"quantity_based","image":0,"visibility":true},{"label":"Changer la langue en fran\u00e7ais [AMP00125]","price":"0.0000","price_type":"quantity_based","image":0,"visibility":true}]},"briefcase-upgrades":{"name":"Porte-documents","type":"multiple_choice","position":0,"required":false,"title_format":"heading","default":"","description_enable":false,"description":"","placeholder_enable":false,"placeholder":"","display":"radiobutton","restrictions_type":"any_text","adjust_price":false,"price":"","price_type":"quantity_based","restrictions":false,"min":"0","max":"0","options":[{"label":"Mallette Notebook [AMP00041]","price":"5.0000","price_type":"quantity_based","image":0,"visibility":true}]}},"df_price":150,"df_sale_price":"","df_regular_price":150,"df_image_link":"https:\/\/digalco.com\/wp-content\/uploads\/images\/product\/5595\/hp01184_01-300x225.jpg","_links":{"self":[{"href":"https:\/\/digalco.com\/fr\/wp-json\/wp\/v2\/product\/427488","targetHints":{"allow":["GET"]}}],"collection":[{"href":"https:\/\/digalco.com\/fr\/wp-json\/wp\/v2\/product"}],"about":[{"href":"https:\/\/digalco.com\/fr\/wp-json\/wp\/v2\/types\/product"}],"wp:featuredmedia":[{"embeddable":true,"href":"https:\/\/digalco.com\/fr\/wp-json\/wp\/v2\/media\/427353"}],"wp:attachment":[{"href":"https:\/\/digalco.com\/fr\/wp-json\/wp\/v2\/media?parent=427488"}],"wp:term":[{"taxonomy":"product_brand","embeddable":true,"href":"https:\/\/digalco.com\/fr\/wp-json\/wp\/v2\/product_brand?post=427488"},{"taxonomy":"product_cat","embeddable":true,"href":"https:\/\/digalco.com\/fr\/wp-json\/wp\/v2\/product_cat?post=427488"},{"taxonomy":"product_tag","embeddable":true,"href":"https:\/\/digalco.com\/fr\/wp-json\/wp\/v2\/product_tag?post=427488"}],"curies":[{"name":"wp","href":"https:\/\/api.w.org\/{rel}","templated":true}]}}

HP Elitebook 820 G4 12.5 » | Reconditionné | Core i5 2.5GHz | 8 GB RAM | 256 GB SSD M2 1366&#215;768

<p><strong>Processeur</strong><br />Intel Core i5 7200U 2.5 GHz.<br /><strong>Mémoire RAM</strong><br />8 Gb. SO-DDR4 RAM<br /><strong>Disque dur</strong><br />256 Gb. SSD M2<br /><strong>Cartes</strong><br />Graphique: Intel HD Graphics 620<br />Son: Bang Olufsen<br />Réseau: Intel I219-LM<br /><strong>Système opératif</strong><br />Windows 10 Pro<br /><strong>Ports</strong><br />2x USB 3.0<br />USB-C<br /><strong>Écran</strong><br />Led 12.5  » HD 16:9  · Résolution 1366&#215;768<br /><strong>Ports vidéo</strong><br />VGA<br />Display Port<br /><strong>Multimédias</strong><br />Webcam<br />Lecteur SD<br />Lecteur carte d&rsquo;identité<br /><strong>Connectivité</strong><br />RJ-45<br />WIFI<br />Bluetooth<br /><strong>Notebook spécifique</strong><br />Langue du clavier International (autocollants espagnols)<br /><strong>Autres</strong><br />hR emballage<br /><strong>Dimensions</strong><br />31x22x2 cm.<br /><strong>Poids</strong><br />1.25 Kg.<br /><strong>Spécifications supplémentaires</strong><br />Le HP EliteBook 820 G4 est un ordinateur portable professionnel de 12.5  » conçu pour le bureau, la gestion administrative, la formation et le travail en mobilité. Il intègre un processeur Intel Core i5 7200U à 2.5 GHz., accompagné de 8 Gb. SO-DDR4 RAM pour travailler avec des applications bureautiques, les e-mails, la navigation, les plateformes web et les outils courants. Son stockage de 256 Gb. SSD M2 permet un démarrage rapide de Windows 10 Pro et un accès agile aux programmes, documents et fichiers. L’écran Led de 12.5  » HD 16:9 avec résolution 1366&#215;768 conserve des dimensions compactes, particulièrement pratiques pour les utilisateurs qui doivent transporter fréquemment l’équipement ou travailler dans des espaces réduits. Il intègre également Webcam pour les réunions, les appels vidéo et la formation à distance, ainsi qu’un lecteur SD pour transférer des fichiers depuis des cartes compatibles. Le lecteur DNI élargit ses possibilités pour les tâches d’identification et l’accès à certains services. La combinaison du processeur Intel Core i5, des 8 Gb. de mémoire et du stockage SSD M2 offre une configuration fonctionnelle pour les besoins habituels de travail et d’étude dans un format léger et maniable.<br />Bon aspect extérieur. Peut présenter de légères marques d’utilisation sur le châssis. Consultez « + Photos » et « Vidéo » et si vous avez des questions, appelez-nous ou utilisez notre chat pour obtenir plus d’informations ou demander davantage de détails.<br /><strong>Commentaires</strong><br /><u>Clavier international avec autocollants en français</u></p>

<p>Intel Core i5 7200U 2.5 GHz. · 8 Gb. SO-DDR4 RAM · 256 Gb. SSD M2 · Windows 10 Pro · Led 12.5  » HD 16:9 · Webcam · <u>Clavier international avec autocollants en français</u> [&#8230;]</p>
<p><a class="btn btn-secondary understrap-read-more-link" href="https://digalco.com/fr/produit/hp-elitebook-820-g4-125-reconditionne-core-i5-25ghz-8-gb-ram-256-gb-ssd-m2-1366x768-fr-5595/">Lire la suite…<span class="screen-reader-text"> from HP Elitebook 820 G4 12.5 » | Reconditionné | Core i5 2.5GHz | 8 GB RAM | 256 GB SSD M2 1366&#215;768</span></a></p>

Autocollants français [AMP00084]

Changer la langue en français [AMP00125]
