{"id":426346,"date":"2026-09-02T12:05:48","date_gmt":"2026-09-02T10:05:48","guid":{"rendered":"https:\/\/digalco.com\/tienda\/hp-prodesk-600-g4-mini-recondicionado-core-i5-23ghz-8-gb-ram-240-gb-ssd-pt-15525\/"},"modified":"2026-09-02T12:06:00","modified_gmt":"2026-09-02T10:06:00","slug":"hp-prodesk-600-g4-mini-recondicionado-core-i5-23ghz-8-gb-ram-240-gb-ssd-pt-15525","status":"publish","type":"product","link":"https:\/\/digalco.com\/pt-pt\/produto\/hp-prodesk-600-g4-mini-recondicionado-core-i5-23ghz-8-gb-ram-240-gb-ssd-pt-15525\/","title":{"rendered":"HP ProDesk 600 G4 Mini | Recondicionado | Core i5 2.3GHz | 8 GB RAM | 240 GB SSD"},"content":{"rendered":"<p><strong>Processador<\/strong><br \/>Intel Core i5 8600T 2.3 GHz.<br \/><strong>Fator de forma<\/strong><br \/>Mini<br \/><strong>Mem\u00f3ria RAM<\/strong><br \/>8 Gb. SO-DDR4 RAM<br \/><strong>Disco r\u00edgido<\/strong><br \/>240 Gb. SSD<br \/><strong>Cart\u00f5es<\/strong><br \/>Placa gr\u00e1fica: Intel HD Graphics 630<br \/>Som: HD Audio<br \/>Network: Intel Ethernet Connection I219-LM<br \/><strong>Sistema operativo<\/strong><br \/>Windows 11 Pro<br \/><strong>Portos<\/strong><br \/>6x USB 3.0<br \/>USB-C<br \/><strong>Portas de v\u00eddeo<\/strong><br \/>VGA<br \/>2x Display Port<br \/><strong>Conectividade<\/strong><br \/>RJ-45<br \/><strong>Outros<\/strong><br \/>hR embalagens<br \/><strong>Dimens\u00f5es<\/strong><br \/>18x18x4 cm.<br \/><strong>Peso<\/strong><br \/>1.15 Kg.<br \/><strong>Especifica\u00e7\u00f5es adicionais<\/strong><br \/>O HP ProDesk 600 G4 Mini \u00e9 um computador profissional de formato compacto, pensado para escrit\u00f3rios, empresas, lojas, rece\u00e7\u00f5es, teletrabalho e postos onde seja importante aproveitar ao m\u00e1ximo o espa\u00e7o dispon\u00edvel. Integra um processador Intel Core i5 8600T a 2.3 GHz., adequado para aplica\u00e7\u00f5es de escrit\u00f3rio, gest\u00e3o empresarial, navega\u00e7\u00e3o, comunica\u00e7\u00f5es e multitarefa habitual. Os seus 8 Gb. SO-DDR4 RAM oferecem uma configura\u00e7\u00e3o adequada para trabalhar com programas e documentos de utiliza\u00e7\u00e3o di\u00e1ria. O armazenamento \u00e9 assegurado por um SSD de 240 Gb., que agiliza o arranque do Windows 11 Pro, a abertura de aplica\u00e7\u00f5es e o acesso aos ficheiros. Integra TPM 2.0, proporcionando seguran\u00e7a baseada em hardware para a prote\u00e7\u00e3o de credenciais e dados do sistema. Al\u00e9m disso, disp\u00f5e de 2xM.2 2280 para armazenamento dispon\u00edveis, oferecendo uma margem interessante para ampliar a capacidade interna. O formato Mini permite instal\u00e1-lo facilmente em secret\u00e1rias com pouco espa\u00e7o e manter a \u00e1rea de trabalho organizada. Uma configura\u00e7\u00e3o pr\u00e1tica para ambientes profissionais que procuram um equipamento compacto, funcional e com possibilidades de expans\u00e3o do armazenamento.Bom estado exterior. Pode apresentar ligeiras marcas de utiliza\u00e7\u00e3o na estrutura. Consulte &#8220;+ Fotos&#8221; e &#8220;V\u00eddeo&#8221; e, se tiver alguma d\u00favida, contacte-nos por telefone ou atrav\u00e9s do nosso chat para obter mais informa\u00e7\u00f5es ou solicitar detalhes adicionais.<br \/><strong>Coment\u00e1rios<\/strong><br \/><u>2xM.2 2280 para armazenamento dispon\u00edveis<\/u><\/p>\n","protected":false},"excerpt":{"rendered":"<p>Intel Core i5 8600T 2.3 GHz. \u00b7 8 Gb. SO-DDR4 RAM \u00b7 240 Gb. SSD \u00b7 <strong>Windows 11 Pro<\/strong> \u00b7 <u>2xM.2 2280 para armazenamento dispon\u00edveis<\/u> [&#8230;]<\/p>\n<p><a class=\"btn btn-secondary understrap-read-more-link\" href=\"https:\/\/digalco.com\/pt-pt\/produto\/hp-prodesk-600-g4-mini-recondicionado-core-i5-23ghz-8-gb-ram-240-gb-ssd-pt-15525\/\">Continuar a ler&#8230;<span class=\"screen-reader-text\"> from HP ProDesk 600 G4 Mini | Recondicionado | Core i5 2.3GHz | 8 GB RAM | 240 GB SSD<\/span><\/a><\/p>\n","protected":false},"featured_media":426315,"template":"","meta":[],"product_brand":[],"product_cat":[1467,4100,4110,4115,1479,4105],"product_tag":[],"class_list":["post-426346","product","type-product","status-publish","has-post-thumbnail","product_cat-computadores-pt","product_cat-computadores-escritorio-pt","product_cat-computadores-estudantes-pt","product_cat-computadores-hp-pt","product_cat-computadores-mini-pt","product_cat-computadores-profissional-pt","first","instock","taxable","shipping-taxable","purchasable","product-type-simple"],"bundled_by":[],"bundle_stock_status":"instock","bundle_stock_quantity":3,"bundle_virtual":false,"bundle_layout":"","bundle_add_to_cart_form_location":"","bundle_editable_in_cart":false,"bundle_sold_individually_context":"","bundle_item_grouping":"","bundle_min_size":"","bundle_max_size":"","bundle_price":[],"bundled_items":[],"bundle_sell_ids":[],"exclude_global_add_ons":true,"addons":{"webcam-upgrades":{"name":"Extens\u00e3o Webcam","type":"multiple_choice","position":0,"required":false,"title_format":"heading","default":"","description_enable":false,"description":"","placeholder_enable":false,"placeholder":"","display":"radiobutton","restrictions_type":"any_text","adjust_price":false,"price":"","price_type":"quantity_based","restrictions":false,"min":"0","max":"0","options":[{"label":"Conceptronic AMDIS FullHD [AMP00085]","price":"29.0000","price_type":"quantity_based","image":0,"visibility":true}]},"ram-memory-upgrades":{"name":"Extens\u00e3o RAM","type":"multiple_choice","position":0,"required":false,"title_format":"heading","default":"","description_enable":false,"description":"","placeholder_enable":false,"placeholder":"","display":"radiobutton","restrictions_type":"any_text","adjust_price":false,"price":"","price_type":"quantity_based","restrictions":false,"min":"0","max":"0","options":[{"label":"Extens\u00e3o SO-DIMM RAM 16 Gb DDR4 [AMP00081]","price":"60.0000","price_type":"quantity_based","image":0,"visibility":true}]},"hdd-upgrades":{"name":"Extens\u00e3o disco r\u00edgido","type":"multiple_choice","position":0,"required":false,"title_format":"heading","default":"","description_enable":false,"description":"","placeholder_enable":false,"placeholder":"","display":"radiobutton","restrictions_type":"any_text","adjust_price":false,"price":"","price_type":"quantity_based","restrictions":false,"min":"0","max":"0","options":[{"label":"Cambio a Disco SSD 480 Gb. [AMP00014]","price":"59.0000","price_type":"quantity_based","image":0,"visibility":true},{"label":"Cambio a Disco SSD 1 Tb. [AMP00071]","price":"95.0000","price_type":"quantity_based","image":0,"visibility":true},{"label":"Cambio a Disco SSD 500 Gb. M.2 2280 PCIe [AMP00106]","price":"110.0000","price_type":"quantity_based","image":0,"visibility":true},{"label":"Cambio a Disco SSD 1 Tb. M.2 2280 PCIe [AMP00107]","price":"150.0000","price_type":"quantity_based","image":0,"visibility":true},{"label":"SSD adicional de 500 Gb. M.2 2280 PCIe [AMP00108]","price":"115.0000","price_type":"quantity_based","image":0,"visibility":true},{"label":"Disco SSD de 1 TB. M.2 2280 PCIe Adicional [AMP00109]","price":"155.0000","price_type":"quantity_based","image":0,"visibility":true}]},"network-card-upgrades":{"name":"Extens\u00e3o WIFI","type":"multiple_choice","position":0,"required":false,"title_format":"heading","default":"","description_enable":false,"description":"","placeholder_enable":false,"placeholder":"","display":"radiobutton","restrictions_type":"any_text","adjust_price":false,"price":"","price_type":"quantity_based","restrictions":false,"min":"0","max":"0","options":[{"label":"Ampliaci\u00f3n a Wireless nano USB [AMP00018]","price":"15.0000","price_type":"quantity_based","image":0,"visibility":true}]},"os-upgrades":{"name":"Extens\u00e3o OS","type":"multiple_choice","position":0,"required":false,"title_format":"heading","default":"","description_enable":false,"description":"","placeholder_enable":false,"placeholder":"","display":"radiobutton","restrictions_type":"any_text","adjust_price":false,"price":"","price_type":"quantity_based","restrictions":false,"min":"0","max":"0","options":[{"label":"Alterar idioma para franc\u00eas [AMP00125]","price":"0.0000","price_type":"quantity_based","image":0,"visibility":true},{"label":"Alterar idioma para ingl\u00eas [AMP00008]","price":"0.0000","price_type":"quantity_based","image":0,"visibility":true},{"label":"Alterar idioma para o portugu\u00eas [AMP00009]","price":"0.0000","price_type":"quantity_based","image":0,"visibility":true}]},"keyboard-upgrades":{"name":"Extens\u00e3o teclado","type":"multiple_choice","position":0,"required":false,"title_format":"heading","default":"","description_enable":false,"description":"","placeholder_enable":false,"placeholder":"","display":"radiobutton","restrictions_type":"any_text","adjust_price":false,"price":"","price_type":"quantity_based","restrictions":false,"min":"0","max":"0","options":[{"label":"Teclado e Mouse [AMP00020]","price":"8.0000","price_type":"quantity_based","image":0,"visibility":true},{"label":"Teclado e Mouse Portugu\u00e9s Nuevo [AMP00088]","price":"15.0000","price_type":"quantity_based","image":0,"visibility":true},{"label":"Teclado e mouse USB em espanhol (Novo) [AMP00068]","price":"12.0000","price_type":"quantity_based","image":0,"visibility":true}]}},"df_price":198,"df_sale_price":"","df_regular_price":198,"df_image_link":"https:\/\/digalco.com\/wp-content\/uploads\/images\/product\/15525\/hp03481_01-300x225.jpg","_links":{"self":[{"href":"https:\/\/digalco.com\/pt-pt\/wp-json\/wp\/v2\/product\/426346","targetHints":{"allow":["GET"]}}],"collection":[{"href":"https:\/\/digalco.com\/pt-pt\/wp-json\/wp\/v2\/product"}],"about":[{"href":"https:\/\/digalco.com\/pt-pt\/wp-json\/wp\/v2\/types\/product"}],"wp:featuredmedia":[{"embeddable":true,"href":"https:\/\/digalco.com\/pt-pt\/wp-json\/wp\/v2\/media\/426315"}],"wp:attachment":[{"href":"https:\/\/digalco.com\/pt-pt\/wp-json\/wp\/v2\/media?parent=426346"}],"wp:term":[{"taxonomy":"product_brand","embeddable":true,"href":"https:\/\/digalco.com\/pt-pt\/wp-json\/wp\/v2\/product_brand?post=426346"},{"taxonomy":"product_cat","embeddable":true,"href":"https:\/\/digalco.com\/pt-pt\/wp-json\/wp\/v2\/product_cat?post=426346"},{"taxonomy":"product_tag","embeddable":true,"href":"https:\/\/digalco.com\/pt-pt\/wp-json\/wp\/v2\/product_tag?post=426346"}],"curies":[{"name":"wp","href":"https:\/\/api.w.org\/{rel}","templated":true}]}}

<p><strong>Processador</strong><br />Intel Core i5 8600T 2.3 GHz.<br /><strong>Fator de forma</strong><br />Mini<br /><strong>Memória RAM</strong><br />8 Gb. SO-DDR4 RAM<br /><strong>Disco rígido</strong><br />240 Gb. SSD<br /><strong>Cartões</strong><br />Placa gráfica: Intel HD Graphics 630<br />Som: HD Audio<br />Network: Intel Ethernet Connection I219-LM<br /><strong>Sistema operativo</strong><br />Windows 11 Pro<br /><strong>Portos</strong><br />6x USB 3.0<br />USB-C<br /><strong>Portas de vídeo</strong><br />VGA<br />2x Display Port<br /><strong>Conectividade</strong><br />RJ-45<br /><strong>Outros</strong><br />hR embalagens<br /><strong>Dimensões</strong><br />18x18x4 cm.<br /><strong>Peso</strong><br />1.15 Kg.<br /><strong>Especificações adicionais</strong><br />O HP ProDesk 600 G4 Mini é um computador profissional de formato compacto, pensado para escritórios, empresas, lojas, receções, teletrabalho e postos onde seja importante aproveitar ao máximo o espaço disponível. Integra um processador Intel Core i5 8600T a 2.3 GHz., adequado para aplicações de escritório, gestão empresarial, navegação, comunicações e multitarefa habitual. Os seus 8 Gb. SO-DDR4 RAM oferecem uma configuração adequada para trabalhar com programas e documentos de utilização diária. O armazenamento é assegurado por um SSD de 240 Gb., que agiliza o arranque do Windows 11 Pro, a abertura de aplicações e o acesso aos ficheiros. Integra TPM 2.0, proporcionando segurança baseada em hardware para a proteção de credenciais e dados do sistema. Além disso, dispõe de 2xM.2 2280 para armazenamento disponíveis, oferecendo uma margem interessante para ampliar a capacidade interna. O formato Mini permite instalá-lo facilmente em secretárias com pouco espaço e manter a área de trabalho organizada. Uma configuração prática para ambientes profissionais que procuram um equipamento compacto, funcional e com possibilidades de expansão do armazenamento.Bom estado exterior. Pode apresentar ligeiras marcas de utilização na estrutura. Consulte &#8220;+ Fotos&#8221; e &#8220;Vídeo&#8221; e, se tiver alguma dúvida, contacte-nos por telefone ou através do nosso chat para obter mais informações ou solicitar detalhes adicionais.<br /><strong>Comentários</strong><br /><u>2xM.2 2280 para armazenamento disponíveis</u></p>

<p>Intel Core i5 8600T 2.3 GHz. · 8 Gb. SO-DDR4 RAM · 240 Gb. SSD · <strong>Windows 11 Pro</strong> · <u>2xM.2 2280 para armazenamento disponíveis</u> [&#8230;]</p>
<p><a class="btn btn-secondary understrap-read-more-link" href="https://digalco.com/pt-pt/produto/hp-prodesk-600-g4-mini-recondicionado-core-i5-23ghz-8-gb-ram-240-gb-ssd-pt-15525/">Continuar a ler&#8230;<span class="screen-reader-text"> from HP ProDesk 600 G4 Mini | Recondicionado | Core i5 2.3GHz | 8 GB RAM | 240 GB SSD</span></a></p>

Extensão Webcam

Extensão RAM

Extensão SO-DIMM RAM 16 Gb DDR4 [AMP00081]

Extensão disco rígido

Extensão WIFI

Ampliación a Wireless nano USB [AMP00018]

Extensão OS

Alterar idioma para francês [AMP00125]

Alterar idioma para inglês [AMP00008]

Alterar idioma para o português [AMP00009]

Extensão teclado

Teclado e Mouse Portugués Nuevo [AMP00088]
